{"id":1639,"date":"2021-03-31T15:34:02","date_gmt":"2021-03-31T14:34:02","guid":{"rendered":"https:\/\/redes.unb.br\/?page_id=1639"},"modified":"2021-03-31T16:06:28","modified_gmt":"2021-03-31T15:06:28","slug":"internacionalizacao","status":"publish","type":"page","link":"https:\/\/redes.unb.br\/index.php\/internacionalizacao\/","title":{"rendered":"Internacionaliza\u00e7\u00e3o"},"content":{"rendered":"<p style=\"text-align: center;\"><strong>Programa <a href=\"https:\/\/www.capes.gov.br\/\" target=\"_blank\" rel=\"noopener\">CAPES<\/a>\/Brafitec<\/strong><\/p>\n<p style=\"text-align: center;\"><a href=\"http:\/\/educ-br.fr\/\" target=\"_blank\" rel=\"noopener\"><img fetchpriority=\"high\" decoding=\"async\" class=\"aligncenter size-full wp-image-1640\" src=\"https:\/\/redes.unb.br\/wp-content\/uploads\/2021\/03\/brafitec.png\" alt=\"\" width=\"416\" height=\"200\" srcset=\"https:\/\/redes.unb.br\/wp-content\/uploads\/2021\/03\/brafitec.png 416w, https:\/\/redes.unb.br\/wp-content\/uploads\/2021\/03\/brafitec-300x144.png 300w\" sizes=\"(max-width: 416px) 100vw, 416px\" \/><\/a><\/p>\n<p>&nbsp;<\/p>\n<p>\u00c9 uma parceria universit\u00e1ria entre escolas de engenharia do Brasil e da Fran\u00e7a.<\/p>\n<p>O programa consiste em projetos conjuntos de pesquisa em parcerias universit\u00e1rias em todas as especialidades de Engenharia, exclusivamente em n\u00edvel de gradua\u00e7\u00e3o, para fomentar o interc\u00e2mbio em ambos os pa\u00edses e estimular a aproxima\u00e7\u00e3o das estruturas curriculares, inclusive a equival\u00eancia e o reconhecimento m\u00fatuo de cr\u00e9ditos.<\/p>\n<p>O Departamento de Engenharia El\u00e9trica possui projetos com a <a href=\"http:\/\/webampere.u-strasbg.fr\/\" target=\"_blank\" rel=\"noopener\">REDE AMP\u00c8RE<\/a> que engloba 7 escolas francesas, CPE Lyon, ENSEA, ENSEIRB-MATMECA, ENSICAEN, ENSTA Bretagne, T\u00e9lecom Physique Strasbourg e T\u00e9lecom Saint-Eti\u00e8nne, que possibilita est\u00e1gios, cursar disciplinas e, para algumas delas, alcan\u00e7ar a dupla diploma\u00e7\u00e3o.<\/p>\n<p>Os projetos normalmente envolvem as \u00e1reas de Telecomunica\u00e7\u00f5es e Eletr\u00f4nica e todos os alunos do curso de Engenharia de Redes de Comunica\u00e7\u00e3o podem pleitear sua participa\u00e7\u00e3o.<\/p>\n<p>O programa oferece, em m\u00e9dia, 3 bolsas por ano, ap\u00f3s processo de sele\u00e7\u00e3o realizado em meados do primeiro semestre de cada ano<sup>1<\/sup>. Os requisitos m\u00ednimos s\u00e3o:<\/p>\n<ol>\n<li>Estar cursando, no m\u00ednimo, o sexto per\u00edodo de seu curso e ter obtido, pelo menos, 50% do total de cr\u00e9ditos do quinto per\u00edodo;<\/li>\n<li>N\u00e3o estar no \u00faltimo ano do seu curso e n\u00e3o ter cursado mais de 80% do total de cr\u00e9ditos do curso;<\/li>\n<li>Demonstrar compet\u00eancia na l\u00edngua francesa, nos termos exigidos pela CAPES.<\/li>\n<li>Possuir um coeficiente de rendimento (IRA) igual ou superior a 4.0.<\/li>\n<\/ol>\n<p>[fblike]<\/p>\n<p><strong>N.B:<\/strong> Os acordos s\u00e3o renovados ou re-submetidos periodicamente e dependem da aprova\u00e7\u00e3o da CAPES para a cont\u00ednua oferta de bolsas.<\/p>\n","protected":false},"excerpt":{"rendered":"<p>Programa CAPES\/Brafitec &nbsp; \u00c9 uma parceria universit\u00e1ria entre escolas de engenharia do Brasil e da Fran\u00e7a. O programa consiste em projetos conjuntos de pesquisa em parcerias universit\u00e1rias em todas as [&hellip;]<\/p>\n","protected":false},"author":2,"featured_media":0,"parent":0,"menu_order":0,"comment_status":"closed","ping_status":"closed","template":"page-fullwidth.php","meta":{"_acf_changed":false,"footnotes":""},"class_list":["post-1639","page","type-page","status-publish","hentry"],"blocksy_meta":[],"acf":[],"yoast_head":"<!-- This site is optimized with the Yoast SEO plugin v25.9 - https:\/\/yoast.com\/wordpress\/plugins\/seo\/ -->\n<title>Internacionaliza\u00e7\u00e3o - Engenharia de Redes de Comunica\u00e7\u00e3o<\/title>\n<meta name=\"robots\" content=\"index, follow, max-snippet:-1, max-image-preview:large, max-video-preview:-1\" \/>\n<link rel=\"canonical\" href=\"https:\/\/redes.unb.br\/index.php\/internacionalizacao\/\" \/>\n<meta property=\"og:locale\" content=\"pt_BR\" \/>\n<meta property=\"og:type\" content=\"article\" \/>\n<meta property=\"og:title\" content=\"Internacionaliza\u00e7\u00e3o - Engenharia de Redes de Comunica\u00e7\u00e3o\" \/>\n<meta property=\"og:description\" content=\"Programa CAPES\/Brafitec &nbsp; \u00c9 uma parceria universit\u00e1ria entre escolas de engenharia do Brasil e da Fran\u00e7a. O programa consiste em projetos conjuntos de pesquisa em parcerias universit\u00e1rias em todas as [&hellip;]\" \/>\n<meta property=\"og:url\" content=\"https:\/\/redes.unb.br\/index.php\/internacionalizacao\/\" \/>\n<meta property=\"og:site_name\" content=\"Engenharia de Redes de Comunica\u00e7\u00e3o\" \/>\n<meta property=\"article:modified_time\" content=\"2021-03-31T15:06:28+00:00\" \/>\n<meta property=\"og:image\" content=\"https:\/\/redes.unb.br\/wp-content\/uploads\/2021\/03\/brafitec.png\" \/>\n\t<meta property=\"og:image:width\" content=\"416\" \/>\n\t<meta property=\"og:image:height\" content=\"200\" \/>\n\t<meta property=\"og:image:type\" content=\"image\/png\" \/>\n<meta name=\"twitter:card\" content=\"summary_large_image\" \/>\n<meta name=\"twitter:label1\" content=\"Est. reading time\" \/>\n\t<meta name=\"twitter:data1\" content=\"1 minuto\" \/>\n<script type=\"application\/ld+json\" class=\"yoast-schema-graph\">{\"@context\":\"https:\/\/schema.org\",\"@graph\":[{\"@type\":\"WebPage\",\"@id\":\"https:\/\/redes.unb.br\/index.php\/internacionalizacao\/\",\"url\":\"https:\/\/redes.unb.br\/index.php\/internacionalizacao\/\",\"name\":\"Internacionaliza\u00e7\u00e3o - Engenharia de Redes de Comunica\u00e7\u00e3o\",\"isPartOf\":{\"@id\":\"https:\/\/redes.unb.br\/#website\"},\"primaryImageOfPage\":{\"@id\":\"https:\/\/redes.unb.br\/index.php\/internacionalizacao\/#primaryimage\"},\"image\":{\"@id\":\"https:\/\/redes.unb.br\/index.php\/internacionalizacao\/#primaryimage\"},\"thumbnailUrl\":\"https:\/\/redes.unb.br\/wp-content\/uploads\/2021\/03\/brafitec.png\",\"datePublished\":\"2021-03-31T14:34:02+00:00\",\"dateModified\":\"2021-03-31T15:06:28+00:00\",\"breadcrumb\":{\"@id\":\"https:\/\/redes.unb.br\/index.php\/internacionalizacao\/#breadcrumb\"},\"inLanguage\":\"pt-BR\",\"potentialAction\":[{\"@type\":\"ReadAction\",\"target\":[\"https:\/\/redes.unb.br\/index.php\/internacionalizacao\/\"]}]},{\"@type\":\"ImageObject\",\"inLanguage\":\"pt-BR\",\"@id\":\"https:\/\/redes.unb.br\/index.php\/internacionalizacao\/#primaryimage\",\"url\":\"https:\/\/redes.unb.br\/wp-content\/uploads\/2021\/03\/brafitec.png\",\"contentUrl\":\"https:\/\/redes.unb.br\/wp-content\/uploads\/2021\/03\/brafitec.png\",\"width\":416,\"height\":200},{\"@type\":\"BreadcrumbList\",\"@id\":\"https:\/\/redes.unb.br\/index.php\/internacionalizacao\/#breadcrumb\",\"itemListElement\":[{\"@type\":\"ListItem\",\"position\":1,\"name\":\"Home\",\"item\":\"https:\/\/redes.unb.br\/\"},{\"@type\":\"ListItem\",\"position\":2,\"name\":\"Internacionaliza\u00e7\u00e3o\"}]},{\"@type\":\"WebSite\",\"@id\":\"https:\/\/redes.unb.br\/#website\",\"url\":\"https:\/\/redes.unb.br\/\",\"name\":\"Engenharia de Redes de Comunica\u00e7\u00e3o\",\"description\":\"UnB - Engenharia de Redes de Comunica\u00e7\u00e3o\",\"publisher\":{\"@id\":\"https:\/\/redes.unb.br\/#organization\"},\"potentialAction\":[{\"@type\":\"SearchAction\",\"target\":{\"@type\":\"EntryPoint\",\"urlTemplate\":\"https:\/\/redes.unb.br\/?s={search_term_string}\"},\"query-input\":{\"@type\":\"PropertyValueSpecification\",\"valueRequired\":true,\"valueName\":\"search_term_string\"}}],\"inLanguage\":\"pt-BR\"},{\"@type\":\"Organization\",\"@id\":\"https:\/\/redes.unb.br\/#organization\",\"name\":\"Engenharia de Redes de Comunica\u00e7\u00e3o\",\"url\":\"https:\/\/redes.unb.br\/\",\"logo\":{\"@type\":\"ImageObject\",\"inLanguage\":\"pt-BR\",\"@id\":\"https:\/\/redes.unb.br\/#\/schema\/logo\/image\/\",\"url\":\"https:\/\/redes.unb.br\/wp-content\/uploads\/2021\/03\/logoERC2021v3-e1618507382294.png\",\"contentUrl\":\"https:\/\/redes.unb.br\/wp-content\/uploads\/2021\/03\/logoERC2021v3-e1618507382294.png\",\"width\":553,\"height\":240,\"caption\":\"Engenharia de Redes de Comunica\u00e7\u00e3o\"},\"image\":{\"@id\":\"https:\/\/redes.unb.br\/#\/schema\/logo\/image\/\"}}]}<\/script>\n<!-- \/ Yoast SEO plugin. -->","yoast_head_json":{"title":"Internacionaliza\u00e7\u00e3o - Engenharia de Redes de Comunica\u00e7\u00e3o","robots":{"index":"index","follow":"follow","max-snippet":"max-snippet:-1","max-image-preview":"max-image-preview:large","max-video-preview":"max-video-preview:-1"},"canonical":"https:\/\/redes.unb.br\/index.php\/internacionalizacao\/","og_locale":"pt_BR","og_type":"article","og_title":"Internacionaliza\u00e7\u00e3o - Engenharia de Redes de Comunica\u00e7\u00e3o","og_description":"Programa CAPES\/Brafitec &nbsp; \u00c9 uma parceria universit\u00e1ria entre escolas de engenharia do Brasil e da Fran\u00e7a. O programa consiste em projetos conjuntos de pesquisa em parcerias universit\u00e1rias em todas as [&hellip;]","og_url":"https:\/\/redes.unb.br\/index.php\/internacionalizacao\/","og_site_name":"Engenharia de Redes de Comunica\u00e7\u00e3o","article_modified_time":"2021-03-31T15:06:28+00:00","og_image":[{"width":416,"height":200,"url":"https:\/\/redes.unb.br\/wp-content\/uploads\/2021\/03\/brafitec.png","type":"image\/png"}],"twitter_card":"summary_large_image","twitter_misc":{"Est. reading time":"1 minuto"},"schema":{"@context":"https:\/\/schema.org","@graph":[{"@type":"WebPage","@id":"https:\/\/redes.unb.br\/index.php\/internacionalizacao\/","url":"https:\/\/redes.unb.br\/index.php\/internacionalizacao\/","name":"Internacionaliza\u00e7\u00e3o - Engenharia de Redes de Comunica\u00e7\u00e3o","isPartOf":{"@id":"https:\/\/redes.unb.br\/#website"},"primaryImageOfPage":{"@id":"https:\/\/redes.unb.br\/index.php\/internacionalizacao\/#primaryimage"},"image":{"@id":"https:\/\/redes.unb.br\/index.php\/internacionalizacao\/#primaryimage"},"thumbnailUrl":"https:\/\/redes.unb.br\/wp-content\/uploads\/2021\/03\/brafitec.png","datePublished":"2021-03-31T14:34:02+00:00","dateModified":"2021-03-31T15:06:28+00:00","breadcrumb":{"@id":"https:\/\/redes.unb.br\/index.php\/internacionalizacao\/#breadcrumb"},"inLanguage":"pt-BR","potentialAction":[{"@type":"ReadAction","target":["https:\/\/redes.unb.br\/index.php\/internacionalizacao\/"]}]},{"@type":"ImageObject","inLanguage":"pt-BR","@id":"https:\/\/redes.unb.br\/index.php\/internacionalizacao\/#primaryimage","url":"https:\/\/redes.unb.br\/wp-content\/uploads\/2021\/03\/brafitec.png","contentUrl":"https:\/\/redes.unb.br\/wp-content\/uploads\/2021\/03\/brafitec.png","width":416,"height":200},{"@type":"BreadcrumbList","@id":"https:\/\/redes.unb.br\/index.php\/internacionalizacao\/#breadcrumb","itemListElement":[{"@type":"ListItem","position":1,"name":"Home","item":"https:\/\/redes.unb.br\/"},{"@type":"ListItem","position":2,"name":"Internacionaliza\u00e7\u00e3o"}]},{"@type":"WebSite","@id":"https:\/\/redes.unb.br\/#website","url":"https:\/\/redes.unb.br\/","name":"Engenharia de Redes de Comunica\u00e7\u00e3o","description":"UnB - Engenharia de Redes de Comunica\u00e7\u00e3o","publisher":{"@id":"https:\/\/redes.unb.br\/#organization"},"potentialAction":[{"@type":"SearchAction","target":{"@type":"EntryPoint","urlTemplate":"https:\/\/redes.unb.br\/?s={search_term_string}"},"query-input":{"@type":"PropertyValueSpecification","valueRequired":true,"valueName":"search_term_string"}}],"inLanguage":"pt-BR"},{"@type":"Organization","@id":"https:\/\/redes.unb.br\/#organization","name":"Engenharia de Redes de Comunica\u00e7\u00e3o","url":"https:\/\/redes.unb.br\/","logo":{"@type":"ImageObject","inLanguage":"pt-BR","@id":"https:\/\/redes.unb.br\/#\/schema\/logo\/image\/","url":"https:\/\/redes.unb.br\/wp-content\/uploads\/2021\/03\/logoERC2021v3-e1618507382294.png","contentUrl":"https:\/\/redes.unb.br\/wp-content\/uploads\/2021\/03\/logoERC2021v3-e1618507382294.png","width":553,"height":240,"caption":"Engenharia de Redes de Comunica\u00e7\u00e3o"},"image":{"@id":"https:\/\/redes.unb.br\/#\/schema\/logo\/image\/"}}]}},"_links":{"self":[{"href":"https:\/\/redes.unb.br\/index.php\/wp-json\/wp\/v2\/pages\/1639","targetHints":{"allow":["GET"]}}],"collection":[{"href":"https:\/\/redes.unb.br\/index.php\/wp-json\/wp\/v2\/pages"}],"about":[{"href":"https:\/\/redes.unb.br\/index.php\/wp-json\/wp\/v2\/types\/page"}],"author":[{"embeddable":true,"href":"https:\/\/redes.unb.br\/index.php\/wp-json\/wp\/v2\/users\/2"}],"replies":[{"embeddable":true,"href":"https:\/\/redes.unb.br\/index.php\/wp-json\/wp\/v2\/comments?post=1639"}],"version-history":[{"count":2,"href":"https:\/\/redes.unb.br\/index.php\/wp-json\/wp\/v2\/pages\/1639\/revisions"}],"predecessor-version":[{"id":1643,"href":"https:\/\/redes.unb.br\/index.php\/wp-json\/wp\/v2\/pages\/1639\/revisions\/1643"}],"wp:attachment":[{"href":"https:\/\/redes.unb.br\/index.php\/wp-json\/wp\/v2\/media?parent=1639"}],"curies":[{"name":"wp","href":"https:\/\/api.w.org\/{rel}","templated":true}]}}