{"id":557,"date":"2017-02-14T12:13:03","date_gmt":"2017-02-14T14:13:03","guid":{"rendered":"http:\/\/homol.redes.unb.br\/redes\/?page_id=557"},"modified":"2024-07-30T00:24:37","modified_gmt":"2024-07-29T23:24:37","slug":"equipe-tecnica","status":"publish","type":"page","link":"https:\/\/redes.unb.br\/index.php\/equipe-tecnica\/","title":{"rendered":"Equipe T\u00e9cnica"},"content":{"rendered":"<p>&nbsp;<\/p>\n<style>\n  .collapsing {<br \/>    background-color: white;<br \/>   }<br \/>  p{color:black;}<br \/><\/style>\n<p>&nbsp;<\/p>\n<p>&nbsp;<\/p>\n<div>\n<h1>Coordena\u00e7\u00e3o e Ger\u00eancia<\/h1>\n<\/div>\n<hr \/>\n<div class=\"home_blocks ast_blocks\">\n<div class=\"midrow\">\n<div class=\"midrow_wrap\">\n<div class=\"midrow_blocks\">\n<div class=\"midrow_blocks_wrap\">\n<p>[column-group]<br \/>\n[column span=&#8221;0&#8243;]<\/p>\n<p><!--BLOCK1 START--><\/p>\n<div class=\"midrow_block\">\n<div class=\"mid_block_content\">\n<p><a class=\"image full\"><img decoding=\"async\" src=\"https:\/\/ppee.unb.br\/wp-content\/uploads\/2020\/07\/WhatsApp-Image-2020-07-14-at-20.24.43-150x150.jpeg\" \/><\/a><\/p>\n<header>\n<h3><a class=\"linkNone\"><strong>F\u00e1bio L\u00facio Lopes de Mendon\u00e7a<\/strong><\/a><\/h3>\n<p style=\"text-align: center;\">Professor<\/p>\n<p style=\"text-align: center;\">Coordenador Geral<\/p>\n<h3><strong><a href=\"http:\/\/buscatextual.cnpq.br\/buscatextual\/visualizacv.do?id=K4131577U4\" target=\"_blank\" rel=\"noopener\"><span style=\"font-size: 10pt; font-family: Verdana,sans-serif;\">CV<\/span><\/a><\/strong><\/h3>\n<p style=\"text-align: center;\">fabio.mendonca@unb.br\/fabio.mendonca@redes.unb.br<\/p>\n<\/header>\n<\/div>\n<\/div>\n<p><!--BLOCK2 START--><\/p>\n<div class=\"midrow_block\">\n<div class=\"mid_block_content\">\n<p><a href=\"https:\/\/redes.unb.br\/index.php\/equipe-tecnica\/servletrecuperafoto-2\/\" rel=\"attachment wp-att-2238\"><img decoding=\"async\" class=\"alignnone wp-image-2238\" src=\"https:\/\/redes.unb.br\/wp-content\/uploads\/2023\/04\/servletrecuperafoto-2-221x300.jpg\" alt=\"\" width=\"131\" height=\"178\" srcset=\"https:\/\/redes.unb.br\/wp-content\/uploads\/2023\/04\/servletrecuperafoto-2-221x300.jpg 221w, https:\/\/redes.unb.br\/wp-content\/uploads\/2023\/04\/servletrecuperafoto-2-754x1024.jpg 754w, https:\/\/redes.unb.br\/wp-content\/uploads\/2023\/04\/servletrecuperafoto-2-768x1042.jpg 768w, https:\/\/redes.unb.br\/wp-content\/uploads\/2023\/04\/servletrecuperafoto-2-1132x1536.jpg 1132w, https:\/\/redes.unb.br\/wp-content\/uploads\/2023\/04\/servletrecuperafoto-2-1509x2048.jpg 1509w, https:\/\/redes.unb.br\/wp-content\/uploads\/2023\/04\/servletrecuperafoto-2.jpg 1562w\" sizes=\"(max-width: 131px) 100vw, 131px\" \/><\/a><\/p>\n<header>\n<h3><strong>Georges Daniel Amvame Nze<\/strong><\/h3>\n<p style=\"text-align: center;\">Professor<\/p>\n<p style=\"text-align: center;\">Coordenador T\u00e9cnico<\/p>\n<h3><strong><a href=\"http:\/\/lattes.cnpq.br\/5810353896294133\" target=\"_blank\" rel=\"noopener\"><span style=\"font-size: 10pt; font-family: Verdana,sans-serif;\">CV<\/span><\/a><\/strong><\/h3>\n<p style=\"text-align: center;\">georges@unb.br\/georges@redes.unb.br<\/p>\n<p style=\"text-align: center;\">\n<\/header>\n<\/div>\n<\/div>\n<p><!--BLOCK3 START--><\/p>\n<div class=\"midrow_block\">\n<div class=\"mid_block_content\">\n<p><a href=\"https:\/\/redes.unb.br\/index.php\/equipe-tecnica\/attachment\/2\/\" rel=\"attachment wp-att-2231\"><img decoding=\"async\" class=\"alignnone wp-image-2231\" src=\"https:\/\/redes.unb.br\/wp-content\/uploads\/2023\/03\/2.png\" alt=\"\" width=\"144\" height=\"183\" \/><\/a><\/p>\n<header>\n<h3><a class=\"linkNone\"><strong>Welber Santos de Oliveira<\/strong><\/a><\/h3>\n<p style=\"text-align: center;\">Laborat\u00f3rio de Redes<\/p>\n<p style=\"text-align: center;\">Administrador de Redes<\/p>\n<h3><strong><a href=\"http:\/\/lattes.cnpq.br\/1705963131681867\" target=\"_blank\" rel=\"noopener\"><span style=\"font-size: 10pt; font-family: Verdana,sans-serif;\">CV<\/span><\/a><\/strong><\/h3>\n<p style=\"text-align: center;\">welber.oliveira@redes.unb.br<\/p>\n<p style=\"text-align: center;\">\n<\/header>\n<\/div>\n<\/div>\n<p><!--BLOCK4 START--><\/p>\n<div class=\"midrow_block\">\n<div class=\"mid_block_content\">\n<p><a class=\"image full\"><img decoding=\"async\" src=\"https:\/\/redes.unb.br\/wp-content\/uploads\/2021\/03\/logoERC.png\" \/><\/a><\/p>\n<header>\n<h3><a class=\"linkNone\"><strong>Wandemberg Almeida<\/strong><\/a><\/h3>\n<p style=\"text-align: center;\">T\u00e9cnico em Eletr\u00f4nica e Sistemas da Informa\u00e7\u00e3o<\/p>\n<p style=\"text-align: center;\">Suporte em TI<\/p>\n<h3><strong><span style=\"font-size: 10pt; font-family: Verdana,sans-serif;\">CV<\/span><\/strong><\/h3>\n<p style=\"text-align: center;\">ti@redes.unb.br<\/p>\n<\/header>\n<\/div>\n<\/div>\n<p>[\/column]<br \/>\n[\/column-group]<\/p>\n<div>\n<h1>Apoio T\u00e9cnico<\/h1>\n<\/div>\n<hr \/>\n<\/div>\n<\/div>\n<\/div>\n<\/div>\n<\/div>\n","protected":false},"excerpt":{"rendered":"<p>&nbsp; &nbsp; &nbsp; Coordena\u00e7\u00e3o e Ger\u00eancia [column-group] [column span=&#8221;0&#8243;] F\u00e1bio L\u00facio Lopes de Mendon\u00e7a Professor Coordenador Geral CV fabio.mendonca@unb.br\/fabio.mendonca@redes.unb.br Georges Daniel Amvame Nze Professor Coordenador T\u00e9cnico CV georges@unb.br\/georges@redes.unb.br Welber Santos [&hellip;]<\/p>\n","protected":false},"author":2,"featured_media":0,"parent":0,"menu_order":0,"comment_status":"closed","ping_status":"closed","template":"page-fullwidth.php","meta":{"_acf_changed":false,"footnotes":""},"class_list":["post-557","page","type-page","status-publish","hentry"],"blocksy_meta":[],"acf":[],"yoast_head":"<!-- This site is optimized with the Yoast SEO plugin v25.9 - https:\/\/yoast.com\/wordpress\/plugins\/seo\/ -->\n<title>Equipe T\u00e9cnica - Engenharia de Redes de Comunica\u00e7\u00e3o<\/title>\n<meta name=\"robots\" content=\"index, follow, max-snippet:-1, max-image-preview:large, max-video-preview:-1\" \/>\n<link rel=\"canonical\" href=\"https:\/\/redes.unb.br\/index.php\/equipe-tecnica\/\" \/>\n<meta property=\"og:locale\" content=\"pt_BR\" \/>\n<meta property=\"og:type\" content=\"article\" \/>\n<meta property=\"og:title\" content=\"Equipe T\u00e9cnica - Engenharia de Redes de Comunica\u00e7\u00e3o\" \/>\n<meta property=\"og:description\" content=\"&nbsp; &nbsp; &nbsp; Coordena\u00e7\u00e3o e Ger\u00eancia [column-group] [column span=&#8221;0&#8243;] F\u00e1bio L\u00facio Lopes de Mendon\u00e7a Professor Coordenador Geral CV fabio.mendonca@unb.br\/fabio.mendonca@redes.unb.br Georges Daniel Amvame Nze Professor Coordenador T\u00e9cnico CV georges@unb.br\/georges@redes.unb.br Welber Santos [&hellip;]\" \/>\n<meta property=\"og:url\" content=\"https:\/\/redes.unb.br\/index.php\/equipe-tecnica\/\" \/>\n<meta property=\"og:site_name\" content=\"Engenharia de Redes de Comunica\u00e7\u00e3o\" \/>\n<meta property=\"article:modified_time\" content=\"2024-07-29T23:24:37+00:00\" \/>\n<meta property=\"og:image\" content=\"https:\/\/ppee.unb.br\/wp-content\/uploads\/2020\/07\/WhatsApp-Image-2020-07-14-at-20.24.43-150x150.jpeg\" \/>\n<meta name=\"twitter:card\" content=\"summary_large_image\" \/>\n<script type=\"application\/ld+json\" class=\"yoast-schema-graph\">{\"@context\":\"https:\/\/schema.org\",\"@graph\":[{\"@type\":\"WebPage\",\"@id\":\"https:\/\/redes.unb.br\/index.php\/equipe-tecnica\/\",\"url\":\"https:\/\/redes.unb.br\/index.php\/equipe-tecnica\/\",\"name\":\"Equipe T\u00e9cnica - Engenharia de Redes de Comunica\u00e7\u00e3o\",\"isPartOf\":{\"@id\":\"https:\/\/redes.unb.br\/#website\"},\"primaryImageOfPage\":{\"@id\":\"https:\/\/redes.unb.br\/index.php\/equipe-tecnica\/#primaryimage\"},\"image\":{\"@id\":\"https:\/\/redes.unb.br\/index.php\/equipe-tecnica\/#primaryimage\"},\"thumbnailUrl\":\"https:\/\/ppee.unb.br\/wp-content\/uploads\/2020\/07\/WhatsApp-Image-2020-07-14-at-20.24.43-150x150.jpeg\",\"datePublished\":\"2017-02-14T14:13:03+00:00\",\"dateModified\":\"2024-07-29T23:24:37+00:00\",\"breadcrumb\":{\"@id\":\"https:\/\/redes.unb.br\/index.php\/equipe-tecnica\/#breadcrumb\"},\"inLanguage\":\"pt-BR\",\"potentialAction\":[{\"@type\":\"ReadAction\",\"target\":[\"https:\/\/redes.unb.br\/index.php\/equipe-tecnica\/\"]}]},{\"@type\":\"ImageObject\",\"inLanguage\":\"pt-BR\",\"@id\":\"https:\/\/redes.unb.br\/index.php\/equipe-tecnica\/#primaryimage\",\"url\":\"https:\/\/ppee.unb.br\/wp-content\/uploads\/2020\/07\/WhatsApp-Image-2020-07-14-at-20.24.43-150x150.jpeg\",\"contentUrl\":\"https:\/\/ppee.unb.br\/wp-content\/uploads\/2020\/07\/WhatsApp-Image-2020-07-14-at-20.24.43-150x150.jpeg\"},{\"@type\":\"BreadcrumbList\",\"@id\":\"https:\/\/redes.unb.br\/index.php\/equipe-tecnica\/#breadcrumb\",\"itemListElement\":[{\"@type\":\"ListItem\",\"position\":1,\"name\":\"Home\",\"item\":\"https:\/\/redes.unb.br\/\"},{\"@type\":\"ListItem\",\"position\":2,\"name\":\"Equipe T\u00e9cnica\"}]},{\"@type\":\"WebSite\",\"@id\":\"https:\/\/redes.unb.br\/#website\",\"url\":\"https:\/\/redes.unb.br\/\",\"name\":\"Engenharia de Redes de Comunica\u00e7\u00e3o\",\"description\":\"UnB - Engenharia de Redes de Comunica\u00e7\u00e3o\",\"publisher\":{\"@id\":\"https:\/\/redes.unb.br\/#organization\"},\"potentialAction\":[{\"@type\":\"SearchAction\",\"target\":{\"@type\":\"EntryPoint\",\"urlTemplate\":\"https:\/\/redes.unb.br\/?s={search_term_string}\"},\"query-input\":{\"@type\":\"PropertyValueSpecification\",\"valueRequired\":true,\"valueName\":\"search_term_string\"}}],\"inLanguage\":\"pt-BR\"},{\"@type\":\"Organization\",\"@id\":\"https:\/\/redes.unb.br\/#organization\",\"name\":\"Engenharia de Redes de Comunica\u00e7\u00e3o\",\"url\":\"https:\/\/redes.unb.br\/\",\"logo\":{\"@type\":\"ImageObject\",\"inLanguage\":\"pt-BR\",\"@id\":\"https:\/\/redes.unb.br\/#\/schema\/logo\/image\/\",\"url\":\"https:\/\/redes.unb.br\/wp-content\/uploads\/2021\/03\/logoERC2021v3-e1618507382294.png\",\"contentUrl\":\"https:\/\/redes.unb.br\/wp-content\/uploads\/2021\/03\/logoERC2021v3-e1618507382294.png\",\"width\":553,\"height\":240,\"caption\":\"Engenharia de Redes de Comunica\u00e7\u00e3o\"},\"image\":{\"@id\":\"https:\/\/redes.unb.br\/#\/schema\/logo\/image\/\"}}]}<\/script>\n<!-- \/ Yoast SEO plugin. -->","yoast_head_json":{"title":"Equipe T\u00e9cnica - Engenharia de Redes de Comunica\u00e7\u00e3o","robots":{"index":"index","follow":"follow","max-snippet":"max-snippet:-1","max-image-preview":"max-image-preview:large","max-video-preview":"max-video-preview:-1"},"canonical":"https:\/\/redes.unb.br\/index.php\/equipe-tecnica\/","og_locale":"pt_BR","og_type":"article","og_title":"Equipe T\u00e9cnica - Engenharia de Redes de Comunica\u00e7\u00e3o","og_description":"&nbsp; &nbsp; &nbsp; Coordena\u00e7\u00e3o e Ger\u00eancia [column-group] [column span=&#8221;0&#8243;] F\u00e1bio L\u00facio Lopes de Mendon\u00e7a Professor Coordenador Geral CV fabio.mendonca@unb.br\/fabio.mendonca@redes.unb.br Georges Daniel Amvame Nze Professor Coordenador T\u00e9cnico CV georges@unb.br\/georges@redes.unb.br Welber Santos [&hellip;]","og_url":"https:\/\/redes.unb.br\/index.php\/equipe-tecnica\/","og_site_name":"Engenharia de Redes de Comunica\u00e7\u00e3o","article_modified_time":"2024-07-29T23:24:37+00:00","og_image":[{"url":"https:\/\/ppee.unb.br\/wp-content\/uploads\/2020\/07\/WhatsApp-Image-2020-07-14-at-20.24.43-150x150.jpeg","type":"","width":"","height":""}],"twitter_card":"summary_large_image","schema":{"@context":"https:\/\/schema.org","@graph":[{"@type":"WebPage","@id":"https:\/\/redes.unb.br\/index.php\/equipe-tecnica\/","url":"https:\/\/redes.unb.br\/index.php\/equipe-tecnica\/","name":"Equipe T\u00e9cnica - Engenharia de Redes de Comunica\u00e7\u00e3o","isPartOf":{"@id":"https:\/\/redes.unb.br\/#website"},"primaryImageOfPage":{"@id":"https:\/\/redes.unb.br\/index.php\/equipe-tecnica\/#primaryimage"},"image":{"@id":"https:\/\/redes.unb.br\/index.php\/equipe-tecnica\/#primaryimage"},"thumbnailUrl":"https:\/\/ppee.unb.br\/wp-content\/uploads\/2020\/07\/WhatsApp-Image-2020-07-14-at-20.24.43-150x150.jpeg","datePublished":"2017-02-14T14:13:03+00:00","dateModified":"2024-07-29T23:24:37+00:00","breadcrumb":{"@id":"https:\/\/redes.unb.br\/index.php\/equipe-tecnica\/#breadcrumb"},"inLanguage":"pt-BR","potentialAction":[{"@type":"ReadAction","target":["https:\/\/redes.unb.br\/index.php\/equipe-tecnica\/"]}]},{"@type":"ImageObject","inLanguage":"pt-BR","@id":"https:\/\/redes.unb.br\/index.php\/equipe-tecnica\/#primaryimage","url":"https:\/\/ppee.unb.br\/wp-content\/uploads\/2020\/07\/WhatsApp-Image-2020-07-14-at-20.24.43-150x150.jpeg","contentUrl":"https:\/\/ppee.unb.br\/wp-content\/uploads\/2020\/07\/WhatsApp-Image-2020-07-14-at-20.24.43-150x150.jpeg"},{"@type":"BreadcrumbList","@id":"https:\/\/redes.unb.br\/index.php\/equipe-tecnica\/#breadcrumb","itemListElement":[{"@type":"ListItem","position":1,"name":"Home","item":"https:\/\/redes.unb.br\/"},{"@type":"ListItem","position":2,"name":"Equipe T\u00e9cnica"}]},{"@type":"WebSite","@id":"https:\/\/redes.unb.br\/#website","url":"https:\/\/redes.unb.br\/","name":"Engenharia de Redes de Comunica\u00e7\u00e3o","description":"UnB - Engenharia de Redes de Comunica\u00e7\u00e3o","publisher":{"@id":"https:\/\/redes.unb.br\/#organization"},"potentialAction":[{"@type":"SearchAction","target":{"@type":"EntryPoint","urlTemplate":"https:\/\/redes.unb.br\/?s={search_term_string}"},"query-input":{"@type":"PropertyValueSpecification","valueRequired":true,"valueName":"search_term_string"}}],"inLanguage":"pt-BR"},{"@type":"Organization","@id":"https:\/\/redes.unb.br\/#organization","name":"Engenharia de Redes de Comunica\u00e7\u00e3o","url":"https:\/\/redes.unb.br\/","logo":{"@type":"ImageObject","inLanguage":"pt-BR","@id":"https:\/\/redes.unb.br\/#\/schema\/logo\/image\/","url":"https:\/\/redes.unb.br\/wp-content\/uploads\/2021\/03\/logoERC2021v3-e1618507382294.png","contentUrl":"https:\/\/redes.unb.br\/wp-content\/uploads\/2021\/03\/logoERC2021v3-e1618507382294.png","width":553,"height":240,"caption":"Engenharia de Redes de Comunica\u00e7\u00e3o"},"image":{"@id":"https:\/\/redes.unb.br\/#\/schema\/logo\/image\/"}}]}},"_links":{"self":[{"href":"https:\/\/redes.unb.br\/index.php\/wp-json\/wp\/v2\/pages\/557","targetHints":{"allow":["GET"]}}],"collection":[{"href":"https:\/\/redes.unb.br\/index.php\/wp-json\/wp\/v2\/pages"}],"about":[{"href":"https:\/\/redes.unb.br\/index.php\/wp-json\/wp\/v2\/types\/page"}],"author":[{"embeddable":true,"href":"https:\/\/redes.unb.br\/index.php\/wp-json\/wp\/v2\/users\/2"}],"replies":[{"embeddable":true,"href":"https:\/\/redes.unb.br\/index.php\/wp-json\/wp\/v2\/comments?post=557"}],"version-history":[{"count":83,"href":"https:\/\/redes.unb.br\/index.php\/wp-json\/wp\/v2\/pages\/557\/revisions"}],"predecessor-version":[{"id":2457,"href":"https:\/\/redes.unb.br\/index.php\/wp-json\/wp\/v2\/pages\/557\/revisions\/2457"}],"wp:attachment":[{"href":"https:\/\/redes.unb.br\/index.php\/wp-json\/wp\/v2\/media?parent=557"}],"curies":[{"name":"wp","href":"https:\/\/api.w.org\/{rel}","templated":true}]}}