{"id":1424,"date":"2020-01-16T16:12:28","date_gmt":"2020-01-16T15:12:28","guid":{"rendered":"https:\/\/redes.unb.br\/?post_type=tribe_events&#038;p=1424"},"modified":"2022-01-25T19:49:06","modified_gmt":"2022-01-25T18:49:06","slug":"chamada-publica-no-mc-001-2020","status":"publish","type":"tribe_events","link":"https:\/\/redes.unb.br\/index.php\/event\/chamada-publica-no-mc-001-2020\/","title":{"rendered":"Chamada P\u00fablica N\u00ba MC-003\/2020"},"content":{"rendered":"<p align=\"justify\">Chamada P\u00fablica N\u00ba MC-003\/2020. SELE\u00c7\u00c3O DE PESQUISADORES PARA O PROJETO: &#8220;PESQUISA APLICADA \u00c0 INTEGRA\u00c7\u00c3O DE INOVA\u00c7\u00d5ES TECNOL\u00d3GICAS \u00c0 ARQUITETURA DE SISTEMAS DE INFORMA\u00c7\u00c3O DA SECRETARIA NACIONAL DE ASSIST\u00caNCIA SOCIAL (SNAS) DO MINIST\u00c9RIO DA CIDADANIA \u2013 MC&#8221;<\/p>\n<ol>\n<li><a href=\"https:\/\/redes.unb.br\/wp-content\/uploads\/2020\/01\/Edital-UNB-MC-final.pdf\">0200114-EDITAL-Chamada-Publica-UNB-MC-2020<\/a><\/li>\n<li><a href=\"https:\/\/redes.unb.br\/wp-content\/uploads\/2021\/10\/Selecao-candidatos-Consolidado-MC-Outubro2021.pdf\" target=\"_blank\" rel=\"noopener\">Sele\u00e7\u00e3o candidatos &#8211; Consolidado MC &#8211; Outubro2021<\/a><\/li>\n<\/ol>\n<p>&nbsp;<\/p>\n","protected":false},"excerpt":{"rendered":"<p>Chamada P\u00fablica N\u00ba MC-003\/2020. SELE\u00c7\u00c3O DE PESQUISADORES PARA O PROJETO: &#8220;PESQUISA APLICADA \u00c0 INTEGRA\u00c7\u00c3O DE INOVA\u00c7\u00d5ES TECNOL\u00d3GICAS \u00c0 ARQUITETURA DE SISTEMAS DE INFORMA\u00c7\u00c3O DA SECRETARIA NACIONAL DE ASSIST\u00caNCIA SOCIAL (SNAS) [&hellip;]<\/p>\n","protected":false},"author":1,"featured_media":1427,"template":"","meta":{"_acf_changed":false,"_tribe_events_status":"","_tribe_events_status_reason":"","footnotes":""},"tags":[],"tribe_events_cat":[24],"class_list":["post-1424","tribe_events","type-tribe_events","status-publish","has-post-thumbnail","hentry","tribe_events_cat-champub","cat_champub"],"blocksy_meta":[],"acf":[],"yoast_head":"<!-- This site is optimized with the Yoast SEO plugin v25.9 - https:\/\/yoast.com\/wordpress\/plugins\/seo\/ -->\n<title>Chamada P\u00fablica N\u00ba MC-003\/2020 - Engenharia de Redes de Comunica\u00e7\u00e3o<\/title>\n<meta name=\"robots\" content=\"index, follow, max-snippet:-1, max-image-preview:large, max-video-preview:-1\" \/>\n<link rel=\"canonical\" href=\"https:\/\/redes.unb.br\/index.php\/event\/chamada-publica-no-mc-001-2020\/\" \/>\n<meta property=\"og:locale\" content=\"pt_BR\" \/>\n<meta property=\"og:type\" content=\"article\" \/>\n<meta property=\"og:title\" content=\"Chamada P\u00fablica N\u00ba MC-003\/2020 - Engenharia de Redes de Comunica\u00e7\u00e3o\" \/>\n<meta property=\"og:description\" content=\"Chamada P\u00fablica N\u00ba MC-003\/2020. SELE\u00c7\u00c3O DE PESQUISADORES PARA O PROJETO: &#8220;PESQUISA APLICADA \u00c0 INTEGRA\u00c7\u00c3O DE INOVA\u00c7\u00d5ES TECNOL\u00d3GICAS \u00c0 ARQUITETURA DE SISTEMAS DE INFORMA\u00c7\u00c3O DA SECRETARIA NACIONAL DE ASSIST\u00caNCIA SOCIAL (SNAS) [&hellip;]\" \/>\n<meta property=\"og:url\" content=\"https:\/\/redes.unb.br\/index.php\/event\/chamada-publica-no-mc-001-2020\/\" \/>\n<meta property=\"og:site_name\" content=\"Engenharia de Redes de Comunica\u00e7\u00e3o\" \/>\n<meta property=\"article:modified_time\" content=\"2022-01-25T18:49:06+00:00\" \/>\n<meta property=\"og:image\" content=\"https:\/\/redes.unb.br\/wp-content\/uploads\/2020\/01\/ASSINATURA_CIDADANIA_216X64px.png\" \/>\n\t<meta property=\"og:image:width\" content=\"901\" \/>\n\t<meta property=\"og:image:height\" content=\"268\" \/>\n\t<meta property=\"og:image:type\" content=\"image\/png\" \/>\n<meta name=\"twitter:card\" content=\"summary_large_image\" \/>\n<script type=\"application\/ld+json\" class=\"yoast-schema-graph\">{\"@context\":\"https:\/\/schema.org\",\"@graph\":[{\"@type\":\"WebPage\",\"@id\":\"https:\/\/redes.unb.br\/index.php\/event\/chamada-publica-no-mc-001-2020\/\",\"url\":\"https:\/\/redes.unb.br\/index.php\/event\/chamada-publica-no-mc-001-2020\/\",\"name\":\"Chamada P\u00fablica N\u00ba MC-003\/2020 - Engenharia de Redes de Comunica\u00e7\u00e3o\",\"isPartOf\":{\"@id\":\"https:\/\/redes.unb.br\/#website\"},\"primaryImageOfPage\":{\"@id\":\"https:\/\/redes.unb.br\/index.php\/event\/chamada-publica-no-mc-001-2020\/#primaryimage\"},\"image\":{\"@id\":\"https:\/\/redes.unb.br\/index.php\/event\/chamada-publica-no-mc-001-2020\/#primaryimage\"},\"thumbnailUrl\":\"https:\/\/redes.unb.br\/wp-content\/uploads\/2020\/01\/ASSINATURA_CIDADANIA_216X64px.png\",\"datePublished\":\"2020-01-16T15:12:28+00:00\",\"dateModified\":\"2022-01-25T18:49:06+00:00\",\"breadcrumb\":{\"@id\":\"https:\/\/redes.unb.br\/index.php\/event\/chamada-publica-no-mc-001-2020\/#breadcrumb\"},\"inLanguage\":\"pt-BR\",\"potentialAction\":[{\"@type\":\"ReadAction\",\"target\":[\"https:\/\/redes.unb.br\/index.php\/event\/chamada-publica-no-mc-001-2020\/\"]}]},{\"@type\":\"ImageObject\",\"inLanguage\":\"pt-BR\",\"@id\":\"https:\/\/redes.unb.br\/index.php\/event\/chamada-publica-no-mc-001-2020\/#primaryimage\",\"url\":\"https:\/\/redes.unb.br\/wp-content\/uploads\/2020\/01\/ASSINATURA_CIDADANIA_216X64px.png\",\"contentUrl\":\"https:\/\/redes.unb.br\/wp-content\/uploads\/2020\/01\/ASSINATURA_CIDADANIA_216X64px.png\",\"width\":901,\"height\":268},{\"@type\":\"BreadcrumbList\",\"@id\":\"https:\/\/redes.unb.br\/index.php\/event\/chamada-publica-no-mc-001-2020\/#breadcrumb\",\"itemListElement\":[{\"@type\":\"ListItem\",\"position\":1,\"name\":\"Home\",\"item\":\"https:\/\/redes.unb.br\/\"},{\"@type\":\"ListItem\",\"position\":2,\"name\":\"Eventos\",\"item\":\"https:\/\/redes.unb.br\/index.php\/events\/\"},{\"@type\":\"ListItem\",\"position\":3,\"name\":\"Chamada P\u00fablica N\u00ba MC-003\/2020\"}]},{\"@type\":\"WebSite\",\"@id\":\"https:\/\/redes.unb.br\/#website\",\"url\":\"https:\/\/redes.unb.br\/\",\"name\":\"Engenharia de Redes de Comunica\u00e7\u00e3o\",\"description\":\"UnB - Engenharia de Redes de Comunica\u00e7\u00e3o\",\"publisher\":{\"@id\":\"https:\/\/redes.unb.br\/#organization\"},\"potentialAction\":[{\"@type\":\"SearchAction\",\"target\":{\"@type\":\"EntryPoint\",\"urlTemplate\":\"https:\/\/redes.unb.br\/?s={search_term_string}\"},\"query-input\":{\"@type\":\"PropertyValueSpecification\",\"valueRequired\":true,\"valueName\":\"search_term_string\"}}],\"inLanguage\":\"pt-BR\"},{\"@type\":\"Organization\",\"@id\":\"https:\/\/redes.unb.br\/#organization\",\"name\":\"Engenharia de Redes de Comunica\u00e7\u00e3o\",\"url\":\"https:\/\/redes.unb.br\/\",\"logo\":{\"@type\":\"ImageObject\",\"inLanguage\":\"pt-BR\",\"@id\":\"https:\/\/redes.unb.br\/#\/schema\/logo\/image\/\",\"url\":\"https:\/\/redes.unb.br\/wp-content\/uploads\/2021\/03\/logoERC2021v3-e1618507382294.png\",\"contentUrl\":\"https:\/\/redes.unb.br\/wp-content\/uploads\/2021\/03\/logoERC2021v3-e1618507382294.png\",\"width\":553,\"height\":240,\"caption\":\"Engenharia de Redes de Comunica\u00e7\u00e3o\"},\"image\":{\"@id\":\"https:\/\/redes.unb.br\/#\/schema\/logo\/image\/\"}}]}<\/script>\n<!-- \/ Yoast SEO plugin. -->","yoast_head_json":{"title":"Chamada P\u00fablica N\u00ba MC-003\/2020 - Engenharia de Redes de Comunica\u00e7\u00e3o","robots":{"index":"index","follow":"follow","max-snippet":"max-snippet:-1","max-image-preview":"max-image-preview:large","max-video-preview":"max-video-preview:-1"},"canonical":"https:\/\/redes.unb.br\/index.php\/event\/chamada-publica-no-mc-001-2020\/","og_locale":"pt_BR","og_type":"article","og_title":"Chamada P\u00fablica N\u00ba MC-003\/2020 - Engenharia de Redes de Comunica\u00e7\u00e3o","og_description":"Chamada P\u00fablica N\u00ba MC-003\/2020. SELE\u00c7\u00c3O DE PESQUISADORES PARA O PROJETO: &#8220;PESQUISA APLICADA \u00c0 INTEGRA\u00c7\u00c3O DE INOVA\u00c7\u00d5ES TECNOL\u00d3GICAS \u00c0 ARQUITETURA DE SISTEMAS DE INFORMA\u00c7\u00c3O DA SECRETARIA NACIONAL DE ASSIST\u00caNCIA SOCIAL (SNAS) [&hellip;]","og_url":"https:\/\/redes.unb.br\/index.php\/event\/chamada-publica-no-mc-001-2020\/","og_site_name":"Engenharia de Redes de Comunica\u00e7\u00e3o","article_modified_time":"2022-01-25T18:49:06+00:00","og_image":[{"width":901,"height":268,"url":"https:\/\/redes.unb.br\/wp-content\/uploads\/2020\/01\/ASSINATURA_CIDADANIA_216X64px.png","type":"image\/png"}],"twitter_card":"summary_large_image","schema":{"@context":"https:\/\/schema.org","@graph":[{"@type":"WebPage","@id":"https:\/\/redes.unb.br\/index.php\/event\/chamada-publica-no-mc-001-2020\/","url":"https:\/\/redes.unb.br\/index.php\/event\/chamada-publica-no-mc-001-2020\/","name":"Chamada P\u00fablica N\u00ba MC-003\/2020 - Engenharia de Redes de Comunica\u00e7\u00e3o","isPartOf":{"@id":"https:\/\/redes.unb.br\/#website"},"primaryImageOfPage":{"@id":"https:\/\/redes.unb.br\/index.php\/event\/chamada-publica-no-mc-001-2020\/#primaryimage"},"image":{"@id":"https:\/\/redes.unb.br\/index.php\/event\/chamada-publica-no-mc-001-2020\/#primaryimage"},"thumbnailUrl":"https:\/\/redes.unb.br\/wp-content\/uploads\/2020\/01\/ASSINATURA_CIDADANIA_216X64px.png","datePublished":"2020-01-16T15:12:28+00:00","dateModified":"2022-01-25T18:49:06+00:00","breadcrumb":{"@id":"https:\/\/redes.unb.br\/index.php\/event\/chamada-publica-no-mc-001-2020\/#breadcrumb"},"inLanguage":"pt-BR","potentialAction":[{"@type":"ReadAction","target":["https:\/\/redes.unb.br\/index.php\/event\/chamada-publica-no-mc-001-2020\/"]}]},{"@type":"ImageObject","inLanguage":"pt-BR","@id":"https:\/\/redes.unb.br\/index.php\/event\/chamada-publica-no-mc-001-2020\/#primaryimage","url":"https:\/\/redes.unb.br\/wp-content\/uploads\/2020\/01\/ASSINATURA_CIDADANIA_216X64px.png","contentUrl":"https:\/\/redes.unb.br\/wp-content\/uploads\/2020\/01\/ASSINATURA_CIDADANIA_216X64px.png","width":901,"height":268},{"@type":"BreadcrumbList","@id":"https:\/\/redes.unb.br\/index.php\/event\/chamada-publica-no-mc-001-2020\/#breadcrumb","itemListElement":[{"@type":"ListItem","position":1,"name":"Home","item":"https:\/\/redes.unb.br\/"},{"@type":"ListItem","position":2,"name":"Eventos","item":"https:\/\/redes.unb.br\/index.php\/events\/"},{"@type":"ListItem","position":3,"name":"Chamada P\u00fablica N\u00ba MC-003\/2020"}]},{"@type":"WebSite","@id":"https:\/\/redes.unb.br\/#website","url":"https:\/\/redes.unb.br\/","name":"Engenharia de Redes de Comunica\u00e7\u00e3o","description":"UnB - Engenharia de Redes de Comunica\u00e7\u00e3o","publisher":{"@id":"https:\/\/redes.unb.br\/#organization"},"potentialAction":[{"@type":"SearchAction","target":{"@type":"EntryPoint","urlTemplate":"https:\/\/redes.unb.br\/?s={search_term_string}"},"query-input":{"@type":"PropertyValueSpecification","valueRequired":true,"valueName":"search_term_string"}}],"inLanguage":"pt-BR"},{"@type":"Organization","@id":"https:\/\/redes.unb.br\/#organization","name":"Engenharia de Redes de Comunica\u00e7\u00e3o","url":"https:\/\/redes.unb.br\/","logo":{"@type":"ImageObject","inLanguage":"pt-BR","@id":"https:\/\/redes.unb.br\/#\/schema\/logo\/image\/","url":"https:\/\/redes.unb.br\/wp-content\/uploads\/2021\/03\/logoERC2021v3-e1618507382294.png","contentUrl":"https:\/\/redes.unb.br\/wp-content\/uploads\/2021\/03\/logoERC2021v3-e1618507382294.png","width":553,"height":240,"caption":"Engenharia de Redes de Comunica\u00e7\u00e3o"},"image":{"@id":"https:\/\/redes.unb.br\/#\/schema\/logo\/image\/"}}]}},"_links":{"self":[{"href":"https:\/\/redes.unb.br\/index.php\/wp-json\/wp\/v2\/tribe_events\/1424","targetHints":{"allow":["GET"]}}],"collection":[{"href":"https:\/\/redes.unb.br\/index.php\/wp-json\/wp\/v2\/tribe_events"}],"about":[{"href":"https:\/\/redes.unb.br\/index.php\/wp-json\/wp\/v2\/types\/tribe_events"}],"author":[{"embeddable":true,"href":"https:\/\/redes.unb.br\/index.php\/wp-json\/wp\/v2\/users\/1"}],"version-history":[{"count":9,"href":"https:\/\/redes.unb.br\/index.php\/wp-json\/wp\/v2\/tribe_events\/1424\/revisions"}],"predecessor-version":[{"id":1904,"href":"https:\/\/redes.unb.br\/index.php\/wp-json\/wp\/v2\/tribe_events\/1424\/revisions\/1904"}],"wp:featuredmedia":[{"embeddable":true,"href":"https:\/\/redes.unb.br\/index.php\/wp-json\/wp\/v2\/media\/1427"}],"wp:attachment":[{"href":"https:\/\/redes.unb.br\/index.php\/wp-json\/wp\/v2\/media?parent=1424"}],"wp:term":[{"taxonomy":"post_tag","embeddable":true,"href":"https:\/\/redes.unb.br\/index.php\/wp-json\/wp\/v2\/tags?post=1424"},{"taxonomy":"tribe_events_cat","embeddable":true,"href":"https:\/\/redes.unb.br\/index.php\/wp-json\/wp\/v2\/tribe_events_cat?post=1424"}],"curies":[{"name":"wp","href":"https:\/\/api.w.org\/{rel}","templated":true}]}}

Chamada Pública Nº MC-003/2020

<p align="justify">Chamada Pública Nº MC-003/2020. SELEÇÃO DE PESQUISADORES PARA O PROJETO: &#8220;PESQUISA APLICADA À INTEGRAÇÃO DE INOVAÇÕES TECNOLÓGICAS À ARQUITETURA DE SISTEMAS DE INFORMAÇÃO DA SECRETARIA NACIONAL DE ASSISTÊNCIA SOCIAL (SNAS) DO MINISTÉRIO DA CIDADANIA – MC&#8221;</p>
<ol>
<li><a href="https://redes.unb.br/wp-content/uploads/2020/01/Edital-UNB-MC-final.pdf">0200114-EDITAL-Chamada-Publica-UNB-MC-2020</a></li>
<li><a href="https://redes.unb.br/wp-content/uploads/2021/10/Selecao-candidatos-Consolidado-MC-Outubro2021.pdf" target="_blank" rel="noopener">Seleção candidatos &#8211; Consolidado MC &#8211; Outubro2021</a></li>
</ol>
<p>&nbsp;</p>

<p>Chamada Pública Nº MC-003/2020. SELEÇÃO DE PESQUISADORES PARA O PROJETO: &#8220;PESQUISA APLICADA À INTEGRAÇÃO DE INOVAÇÕES TECNOLÓGICAS À ARQUITETURA DE SISTEMAS DE INFORMAÇÃO DA SECRETARIA NACIONAL DE ASSISTÊNCIA SOCIAL (SNAS) [&hellip;]</p>

<!-- This site is optimized with the Yoast SEO plugin v25.9 - https://yoast.com/wordpress/plugins/seo/ -->
<title>Chamada Pública Nº MC-003/2020 - Engenharia de Redes de Comunicação</title>
<meta name="robots" content="index, follow, max-snippet:-1, max-image-preview:large, max-video-preview:-1" />
<link rel="canonical" href="https://redes.unb.br/index.php/event/chamada-publica-no-mc-001-2020/" />
<meta property="og:locale" content="pt_BR" />
<meta property="og:type" content="article" />
<meta property="og:title" content="Chamada Pública Nº MC-003/2020 - Engenharia de Redes de Comunicação" />
<meta property="og:description" content="Chamada Pública Nº MC-003/2020. SELEÇÃO DE PESQUISADORES PARA O PROJETO: &#8220;PESQUISA APLICADA À INTEGRAÇÃO DE INOVAÇÕES TECNOLÓGICAS À ARQUITETURA DE SISTEMAS DE INFORMAÇÃO DA SECRETARIA NACIONAL DE ASSISTÊNCIA SOCIAL (SNAS) [&hellip;]" />
<meta property="og:url" content="https://redes.unb.br/index.php/event/chamada-publica-no-mc-001-2020/" />
<meta property="og:site_name" content="Engenharia de Redes de Comunicação" />
<meta property="article:modified_time" content="2022-01-25T18:49:06+00:00" />
<meta property="og:image" content="https://redes.unb.br/wp-content/uploads/2020/01/ASSINATURA_CIDADANIA_216X64px.png" />
	<meta property="og:image:width" content="901" />
	<meta property="og:image:height" content="268" />
	<meta property="og:image:type" content="image/png" />
<meta name="twitter:card" content="summary_large_image" />
<script type="application/ld+json" class="yoast-schema-graph">{"@context":"https://schema.org","@graph":[{"@type":"WebPage","@id":"https://redes.unb.br/index.php/event/chamada-publica-no-mc-001-2020/","url":"https://redes.unb.br/index.php/event/chamada-publica-no-mc-001-2020/","name":"Chamada Pública Nº MC-003/2020 - Engenharia de Redes de Comunicação","isPartOf":{"@id":"https://redes.unb.br/#website"},"primaryImageOfPage":{"@id":"https://redes.unb.br/index.php/event/chamada-publica-no-mc-001-2020/#primaryimage"},"image":{"@id":"https://redes.unb.br/index.php/event/chamada-publica-no-mc-001-2020/#primaryimage"},"thumbnailUrl":"https://redes.unb.br/wp-content/uploads/2020/01/ASSINATURA_CIDADANIA_216X64px.png","datePublished":"2020-01-16T15:12:28+00:00","dateModified":"2022-01-25T18:49:06+00:00","breadcrumb":{"@id":"https://redes.unb.br/index.php/event/chamada-publica-no-mc-001-2020/#breadcrumb"},"inLanguage":"pt-BR","potentialAction":[{"@type":"ReadAction","target":["https://redes.unb.br/index.php/event/chamada-publica-no-mc-001-2020/"]}]},{"@type":"ImageObject","inLanguage":"pt-BR","@id":"https://redes.unb.br/index.php/event/chamada-publica-no-mc-001-2020/#primaryimage","url":"https://redes.unb.br/wp-content/uploads/2020/01/ASSINATURA_CIDADANIA_216X64px.png","contentUrl":"https://redes.unb.br/wp-content/uploads/2020/01/ASSINATURA_CIDADANIA_216X64px.png","width":901,"height":268},{"@type":"BreadcrumbList","@id":"https://redes.unb.br/index.php/event/chamada-publica-no-mc-001-2020/#breadcrumb","itemListElement":[{"@type":"ListItem","position":1,"name":"Home","item":"https://redes.unb.br/"},{"@type":"ListItem","position":2,"name":"Eventos","item":"https://redes.unb.br/index.php/events/"},{"@type":"ListItem","position":3,"name":"Chamada Pública Nº MC-003/2020"}]},{"@type":"WebSite","@id":"https://redes.unb.br/#website","url":"https://redes.unb.br/","name":"Engenharia de Redes de Comunicação","description":"UnB - Engenharia de Redes de Comunicação","publisher":{"@id":"https://redes.unb.br/#organization"},"potentialAction":[{"@type":"SearchAction","target":{"@type":"EntryPoint","urlTemplate":"https://redes.unb.br/?s={search_term_string}"},"query-input":{"@type":"PropertyValueSpecification","valueRequired":true,"valueName":"search_term_string"}}],"inLanguage":"pt-BR"},{"@type":"Organization","@id":"https://redes.unb.br/#organization","name":"Engenharia de Redes de Comunicação","url":"https://redes.unb.br/","logo":{"@type":"ImageObject","inLanguage":"pt-BR","@id":"https://redes.unb.br/#/schema/logo/image/","url":"https://redes.unb.br/wp-content/uploads/2021/03/logoERC2021v3-e1618507382294.png","contentUrl":"https://redes.unb.br/wp-content/uploads/2021/03/logoERC2021v3-e1618507382294.png","width":553,"height":240,"caption":"Engenharia de Redes de Comunicação"},"image":{"@id":"https://redes.unb.br/#/schema/logo/image/"}}]}</script>
<!-- / Yoast SEO plugin. -->

Chamada Pública Nº MC-003/2020 - Engenharia de Redes de Comunicação

Chamada Pública Nº MC-003/2020. SELEÇÃO DE PESQUISADORES PARA O PROJETO: &#8220;PESQUISA APLICADA À INTEGRAÇÃO DE INOVAÇÕES TECNOLÓGICAS À ARQUITETURA DE SISTEMAS DE INFORMAÇÃO DA SECRETARIA NACIONAL DE ASSISTÊNCIA SOCIAL (SNAS) [&hellip;]

Engenharia de Redes de Comunicação

UnB - Engenharia de Redes de Comunicação
