{"id":1508,"date":"2020-07-27T20:24:54","date_gmt":"2020-07-27T19:24:54","guid":{"rendered":"https:\/\/redes.unb.br\/?post_type=tribe_events&#038;p=1508"},"modified":"2020-08-23T14:58:20","modified_gmt":"2020-08-23T13:58:20","slug":"chamada-publica-no-cepesc-003-2020-prorrogacao","status":"publish","type":"tribe_events","link":"https:\/\/redes.unb.br\/index.php\/event\/chamada-publica-no-cepesc-003-2020-prorrogacao\/","title":{"rendered":"Chamada P\u00fablica n\u00ba CEPESC-003\/2020 &#8211; Prorroga\u00e7\u00e3o"},"content":{"rendered":"<p align=\"justify\">Prorroga\u00e7\u00e3o da Chamada P\u00fablica N\u00ba 002\/2017. SELE\u00c7\u00c3O DE PESQUISADORES PARA O PROJETO: &#8220;PESQUISA APLICADA AO DESENVOLVIMENTO DE SISTEMAS DE SOFTWARES SEGUROS&#8221;. OBS: Prorroga\u00e7\u00e3o do Prazo do Envio dos Curr\u00edculos at\u00e9 31\/12\/2020.<\/p>\n<ol>\n<li><a href=\"https:\/\/redes.unb.br\/wp-content\/uploads\/2017\/10\/20171023_EDITAL_Chamada-Publica-UNB-CEPESC.pdf\" target=\"_blank\" rel=\"noopener noreferrer\">Edital de abertura &#8211; 23\/10\/2017<\/a><\/li>\n<li><a href=\"https:\/\/redes.unb.br\/wp-content\/uploads\/2018\/01\/20180108_Edital_prorrogacao-CEPESC-02_2017.pdf\" target=\"_blank\" rel=\"noopener noreferrer\">Chamada P\u00fablica n\u00ba CEPESC-002\/2017 &#8211; PRORROGA\u00c7\u00c3O<\/a><\/li>\n<li><a href=\"https:\/\/redes.unb.br\/wp-content\/uploads\/2020\/08\/Chamada%20Publica%20UNB-CEPESC.pdf\">Chamada P\u00fablica n\u00ba CEPESC-003\/2020 &#8211; PRORROGA\u00c7\u00c3O at\u00e9 31\/12\/2020\u00a0<\/a><\/li>\n<\/ol>\n","protected":false},"excerpt":{"rendered":"<p>Prorroga\u00e7\u00e3o da Chamada P\u00fablica N\u00ba 002\/2017. SELE\u00c7\u00c3O DE PESQUISADORES PARA O PROJETO: &#8220;PESQUISA APLICADA AO DESENVOLVIMENTO DE SISTEMAS DE SOFTWARES SEGUROS&#8221;. OBS: Prorroga\u00e7\u00e3o do Prazo do Envio dos Curr\u00edculos at\u00e9 [&hellip;]<\/p>\n","protected":false},"author":1,"featured_media":0,"template":"","meta":{"_acf_changed":false,"_tribe_events_status":"","_tribe_events_status_reason":"","footnotes":""},"tags":[],"tribe_events_cat":[24],"class_list":["post-1508","tribe_events","type-tribe_events","status-publish","hentry","tribe_events_cat-champub","cat_champub"],"blocksy_meta":[],"acf":[],"yoast_head":"<!-- This site is optimized with the Yoast SEO plugin v25.9 - https:\/\/yoast.com\/wordpress\/plugins\/seo\/ -->\n<title>Chamada P\u00fablica n\u00ba CEPESC-003\/2020 - Prorroga\u00e7\u00e3o - Engenharia de Redes de Comunica\u00e7\u00e3o<\/title>\n<meta name=\"robots\" content=\"index, follow, max-snippet:-1, max-image-preview:large, max-video-preview:-1\" \/>\n<link rel=\"canonical\" href=\"https:\/\/redes.unb.br\/index.php\/event\/chamada-publica-no-cepesc-003-2020-prorrogacao\/\" \/>\n<meta property=\"og:locale\" content=\"pt_BR\" \/>\n<meta property=\"og:type\" content=\"article\" \/>\n<meta property=\"og:title\" content=\"Chamada P\u00fablica n\u00ba CEPESC-003\/2020 - Prorroga\u00e7\u00e3o - Engenharia de Redes de Comunica\u00e7\u00e3o\" \/>\n<meta property=\"og:description\" content=\"Prorroga\u00e7\u00e3o da Chamada P\u00fablica N\u00ba 002\/2017. SELE\u00c7\u00c3O DE PESQUISADORES PARA O PROJETO: &#8220;PESQUISA APLICADA AO DESENVOLVIMENTO DE SISTEMAS DE SOFTWARES SEGUROS&#8221;. OBS: Prorroga\u00e7\u00e3o do Prazo do Envio dos Curr\u00edculos at\u00e9 [&hellip;]\" \/>\n<meta property=\"og:url\" content=\"https:\/\/redes.unb.br\/index.php\/event\/chamada-publica-no-cepesc-003-2020-prorrogacao\/\" \/>\n<meta property=\"og:site_name\" content=\"Engenharia de Redes de Comunica\u00e7\u00e3o\" \/>\n<meta property=\"article:modified_time\" content=\"2020-08-23T13:58:20+00:00\" \/>\n<meta name=\"twitter:card\" content=\"summary_large_image\" \/>\n<script type=\"application\/ld+json\" class=\"yoast-schema-graph\">{\"@context\":\"https:\/\/schema.org\",\"@graph\":[{\"@type\":\"WebPage\",\"@id\":\"https:\/\/redes.unb.br\/index.php\/event\/chamada-publica-no-cepesc-003-2020-prorrogacao\/\",\"url\":\"https:\/\/redes.unb.br\/index.php\/event\/chamada-publica-no-cepesc-003-2020-prorrogacao\/\",\"name\":\"Chamada P\u00fablica n\u00ba CEPESC-003\/2020 - Prorroga\u00e7\u00e3o - Engenharia de Redes de Comunica\u00e7\u00e3o\",\"isPartOf\":{\"@id\":\"https:\/\/redes.unb.br\/#website\"},\"datePublished\":\"2020-07-27T19:24:54+00:00\",\"dateModified\":\"2020-08-23T13:58:20+00:00\",\"breadcrumb\":{\"@id\":\"https:\/\/redes.unb.br\/index.php\/event\/chamada-publica-no-cepesc-003-2020-prorrogacao\/#breadcrumb\"},\"inLanguage\":\"pt-BR\",\"potentialAction\":[{\"@type\":\"ReadAction\",\"target\":[\"https:\/\/redes.unb.br\/index.php\/event\/chamada-publica-no-cepesc-003-2020-prorrogacao\/\"]}]},{\"@type\":\"BreadcrumbList\",\"@id\":\"https:\/\/redes.unb.br\/index.php\/event\/chamada-publica-no-cepesc-003-2020-prorrogacao\/#breadcrumb\",\"itemListElement\":[{\"@type\":\"ListItem\",\"position\":1,\"name\":\"Home\",\"item\":\"https:\/\/redes.unb.br\/\"},{\"@type\":\"ListItem\",\"position\":2,\"name\":\"Eventos\",\"item\":\"https:\/\/redes.unb.br\/index.php\/events\/\"},{\"@type\":\"ListItem\",\"position\":3,\"name\":\"Chamada P\u00fablica n\u00ba CEPESC-003\/2020 &#8211; Prorroga\u00e7\u00e3o\"}]},{\"@type\":\"WebSite\",\"@id\":\"https:\/\/redes.unb.br\/#website\",\"url\":\"https:\/\/redes.unb.br\/\",\"name\":\"Engenharia de Redes de Comunica\u00e7\u00e3o\",\"description\":\"UnB - Engenharia de Redes de Comunica\u00e7\u00e3o\",\"publisher\":{\"@id\":\"https:\/\/redes.unb.br\/#organization\"},\"potentialAction\":[{\"@type\":\"SearchAction\",\"target\":{\"@type\":\"EntryPoint\",\"urlTemplate\":\"https:\/\/redes.unb.br\/?s={search_term_string}\"},\"query-input\":{\"@type\":\"PropertyValueSpecification\",\"valueRequired\":true,\"valueName\":\"search_term_string\"}}],\"inLanguage\":\"pt-BR\"},{\"@type\":\"Organization\",\"@id\":\"https:\/\/redes.unb.br\/#organization\",\"name\":\"Engenharia de Redes de Comunica\u00e7\u00e3o\",\"url\":\"https:\/\/redes.unb.br\/\",\"logo\":{\"@type\":\"ImageObject\",\"inLanguage\":\"pt-BR\",\"@id\":\"https:\/\/redes.unb.br\/#\/schema\/logo\/image\/\",\"url\":\"https:\/\/redes.unb.br\/wp-content\/uploads\/2021\/03\/logoERC2021v3-e1618507382294.png\",\"contentUrl\":\"https:\/\/redes.unb.br\/wp-content\/uploads\/2021\/03\/logoERC2021v3-e1618507382294.png\",\"width\":553,\"height\":240,\"caption\":\"Engenharia de Redes de Comunica\u00e7\u00e3o\"},\"image\":{\"@id\":\"https:\/\/redes.unb.br\/#\/schema\/logo\/image\/\"}}]}<\/script>\n<!-- \/ Yoast SEO plugin. -->","yoast_head_json":{"title":"Chamada P\u00fablica n\u00ba CEPESC-003\/2020 - Prorroga\u00e7\u00e3o - Engenharia de Redes de Comunica\u00e7\u00e3o","robots":{"index":"index","follow":"follow","max-snippet":"max-snippet:-1","max-image-preview":"max-image-preview:large","max-video-preview":"max-video-preview:-1"},"canonical":"https:\/\/redes.unb.br\/index.php\/event\/chamada-publica-no-cepesc-003-2020-prorrogacao\/","og_locale":"pt_BR","og_type":"article","og_title":"Chamada P\u00fablica n\u00ba CEPESC-003\/2020 - Prorroga\u00e7\u00e3o - Engenharia de Redes de Comunica\u00e7\u00e3o","og_description":"Prorroga\u00e7\u00e3o da Chamada P\u00fablica N\u00ba 002\/2017. SELE\u00c7\u00c3O DE PESQUISADORES PARA O PROJETO: &#8220;PESQUISA APLICADA AO DESENVOLVIMENTO DE SISTEMAS DE SOFTWARES SEGUROS&#8221;. OBS: Prorroga\u00e7\u00e3o do Prazo do Envio dos Curr\u00edculos at\u00e9 [&hellip;]","og_url":"https:\/\/redes.unb.br\/index.php\/event\/chamada-publica-no-cepesc-003-2020-prorrogacao\/","og_site_name":"Engenharia de Redes de Comunica\u00e7\u00e3o","article_modified_time":"2020-08-23T13:58:20+00:00","twitter_card":"summary_large_image","schema":{"@context":"https:\/\/schema.org","@graph":[{"@type":"WebPage","@id":"https:\/\/redes.unb.br\/index.php\/event\/chamada-publica-no-cepesc-003-2020-prorrogacao\/","url":"https:\/\/redes.unb.br\/index.php\/event\/chamada-publica-no-cepesc-003-2020-prorrogacao\/","name":"Chamada P\u00fablica n\u00ba CEPESC-003\/2020 - Prorroga\u00e7\u00e3o - Engenharia de Redes de Comunica\u00e7\u00e3o","isPartOf":{"@id":"https:\/\/redes.unb.br\/#website"},"datePublished":"2020-07-27T19:24:54+00:00","dateModified":"2020-08-23T13:58:20+00:00","breadcrumb":{"@id":"https:\/\/redes.unb.br\/index.php\/event\/chamada-publica-no-cepesc-003-2020-prorrogacao\/#breadcrumb"},"inLanguage":"pt-BR","potentialAction":[{"@type":"ReadAction","target":["https:\/\/redes.unb.br\/index.php\/event\/chamada-publica-no-cepesc-003-2020-prorrogacao\/"]}]},{"@type":"BreadcrumbList","@id":"https:\/\/redes.unb.br\/index.php\/event\/chamada-publica-no-cepesc-003-2020-prorrogacao\/#breadcrumb","itemListElement":[{"@type":"ListItem","position":1,"name":"Home","item":"https:\/\/redes.unb.br\/"},{"@type":"ListItem","position":2,"name":"Eventos","item":"https:\/\/redes.unb.br\/index.php\/events\/"},{"@type":"ListItem","position":3,"name":"Chamada P\u00fablica n\u00ba CEPESC-003\/2020 &#8211; Prorroga\u00e7\u00e3o"}]},{"@type":"WebSite","@id":"https:\/\/redes.unb.br\/#website","url":"https:\/\/redes.unb.br\/","name":"Engenharia de Redes de Comunica\u00e7\u00e3o","description":"UnB - Engenharia de Redes de Comunica\u00e7\u00e3o","publisher":{"@id":"https:\/\/redes.unb.br\/#organization"},"potentialAction":[{"@type":"SearchAction","target":{"@type":"EntryPoint","urlTemplate":"https:\/\/redes.unb.br\/?s={search_term_string}"},"query-input":{"@type":"PropertyValueSpecification","valueRequired":true,"valueName":"search_term_string"}}],"inLanguage":"pt-BR"},{"@type":"Organization","@id":"https:\/\/redes.unb.br\/#organization","name":"Engenharia de Redes de Comunica\u00e7\u00e3o","url":"https:\/\/redes.unb.br\/","logo":{"@type":"ImageObject","inLanguage":"pt-BR","@id":"https:\/\/redes.unb.br\/#\/schema\/logo\/image\/","url":"https:\/\/redes.unb.br\/wp-content\/uploads\/2021\/03\/logoERC2021v3-e1618507382294.png","contentUrl":"https:\/\/redes.unb.br\/wp-content\/uploads\/2021\/03\/logoERC2021v3-e1618507382294.png","width":553,"height":240,"caption":"Engenharia de Redes de Comunica\u00e7\u00e3o"},"image":{"@id":"https:\/\/redes.unb.br\/#\/schema\/logo\/image\/"}}]}},"_links":{"self":[{"href":"https:\/\/redes.unb.br\/index.php\/wp-json\/wp\/v2\/tribe_events\/1508","targetHints":{"allow":["GET"]}}],"collection":[{"href":"https:\/\/redes.unb.br\/index.php\/wp-json\/wp\/v2\/tribe_events"}],"about":[{"href":"https:\/\/redes.unb.br\/index.php\/wp-json\/wp\/v2\/types\/tribe_events"}],"author":[{"embeddable":true,"href":"https:\/\/redes.unb.br\/index.php\/wp-json\/wp\/v2\/users\/1"}],"version-history":[{"count":7,"href":"https:\/\/redes.unb.br\/index.php\/wp-json\/wp\/v2\/tribe_events\/1508\/revisions"}],"predecessor-version":[{"id":1534,"href":"https:\/\/redes.unb.br\/index.php\/wp-json\/wp\/v2\/tribe_events\/1508\/revisions\/1534"}],"wp:attachment":[{"href":"https:\/\/redes.unb.br\/index.php\/wp-json\/wp\/v2\/media?parent=1508"}],"wp:term":[{"taxonomy":"post_tag","embeddable":true,"href":"https:\/\/redes.unb.br\/index.php\/wp-json\/wp\/v2\/tags?post=1508"},{"taxonomy":"tribe_events_cat","embeddable":true,"href":"https:\/\/redes.unb.br\/index.php\/wp-json\/wp\/v2\/tribe_events_cat?post=1508"}],"curies":[{"name":"wp","href":"https:\/\/api.w.org\/{rel}","templated":true}]}}

Chamada Pública nº CEPESC-003/2020 &#8211; Prorrogação

<p align="justify">Prorrogação da Chamada Pública Nº 002/2017. SELEÇÃO DE PESQUISADORES PARA O PROJETO: &#8220;PESQUISA APLICADA AO DESENVOLVIMENTO DE SISTEMAS DE SOFTWARES SEGUROS&#8221;. OBS: Prorrogação do Prazo do Envio dos Currículos até 31/12/2020.</p>
<ol>
<li><a href="https://redes.unb.br/wp-content/uploads/2017/10/20171023_EDITAL_Chamada-Publica-UNB-CEPESC.pdf" target="_blank" rel="noopener noreferrer">Edital de abertura &#8211; 23/10/2017</a></li>
<li><a href="https://redes.unb.br/wp-content/uploads/2018/01/20180108_Edital_prorrogacao-CEPESC-02_2017.pdf" target="_blank" rel="noopener noreferrer">Chamada Pública nº CEPESC-002/2017 &#8211; PRORROGAÇÃO</a></li>
<li><a href="https://redes.unb.br/wp-content/uploads/2020/08/Chamada%20Publica%20UNB-CEPESC.pdf">Chamada Pública nº CEPESC-003/2020 &#8211; PRORROGAÇÃO até 31/12/2020 </a></li>
</ol>

<p>Prorrogação da Chamada Pública Nº 002/2017. SELEÇÃO DE PESQUISADORES PARA O PROJETO: &#8220;PESQUISA APLICADA AO DESENVOLVIMENTO DE SISTEMAS DE SOFTWARES SEGUROS&#8221;. OBS: Prorrogação do Prazo do Envio dos Currículos até [&hellip;]</p>

<!-- This site is optimized with the Yoast SEO plugin v25.9 - https://yoast.com/wordpress/plugins/seo/ -->
<title>Chamada Pública nº CEPESC-003/2020 - Prorrogação - Engenharia de Redes de Comunicação</title>
<meta name="robots" content="index, follow, max-snippet:-1, max-image-preview:large, max-video-preview:-1" />
<link rel="canonical" href="https://redes.unb.br/index.php/event/chamada-publica-no-cepesc-003-2020-prorrogacao/" />
<meta property="og:locale" content="pt_BR" />
<meta property="og:type" content="article" />
<meta property="og:title" content="Chamada Pública nº CEPESC-003/2020 - Prorrogação - Engenharia de Redes de Comunicação" />
<meta property="og:description" content="Prorrogação da Chamada Pública Nº 002/2017. SELEÇÃO DE PESQUISADORES PARA O PROJETO: &#8220;PESQUISA APLICADA AO DESENVOLVIMENTO DE SISTEMAS DE SOFTWARES SEGUROS&#8221;. OBS: Prorrogação do Prazo do Envio dos Currículos até [&hellip;]" />
<meta property="og:url" content="https://redes.unb.br/index.php/event/chamada-publica-no-cepesc-003-2020-prorrogacao/" />
<meta property="og:site_name" content="Engenharia de Redes de Comunicação" />
<meta property="article:modified_time" content="2020-08-23T13:58:20+00:00" />
<meta name="twitter:card" content="summary_large_image" />
<script type="application/ld+json" class="yoast-schema-graph">{"@context":"https://schema.org","@graph":[{"@type":"WebPage","@id":"https://redes.unb.br/index.php/event/chamada-publica-no-cepesc-003-2020-prorrogacao/","url":"https://redes.unb.br/index.php/event/chamada-publica-no-cepesc-003-2020-prorrogacao/","name":"Chamada Pública nº CEPESC-003/2020 - Prorrogação - Engenharia de Redes de Comunicação","isPartOf":{"@id":"https://redes.unb.br/#website"},"datePublished":"2020-07-27T19:24:54+00:00","dateModified":"2020-08-23T13:58:20+00:00","breadcrumb":{"@id":"https://redes.unb.br/index.php/event/chamada-publica-no-cepesc-003-2020-prorrogacao/#breadcrumb"},"inLanguage":"pt-BR","potentialAction":[{"@type":"ReadAction","target":["https://redes.unb.br/index.php/event/chamada-publica-no-cepesc-003-2020-prorrogacao/"]}]},{"@type":"BreadcrumbList","@id":"https://redes.unb.br/index.php/event/chamada-publica-no-cepesc-003-2020-prorrogacao/#breadcrumb","itemListElement":[{"@type":"ListItem","position":1,"name":"Home","item":"https://redes.unb.br/"},{"@type":"ListItem","position":2,"name":"Eventos","item":"https://redes.unb.br/index.php/events/"},{"@type":"ListItem","position":3,"name":"Chamada Pública nº CEPESC-003/2020 &#8211; Prorrogação"}]},{"@type":"WebSite","@id":"https://redes.unb.br/#website","url":"https://redes.unb.br/","name":"Engenharia de Redes de Comunicação","description":"UnB - Engenharia de Redes de Comunicação","publisher":{"@id":"https://redes.unb.br/#organization"},"potentialAction":[{"@type":"SearchAction","target":{"@type":"EntryPoint","urlTemplate":"https://redes.unb.br/?s={search_term_string}"},"query-input":{"@type":"PropertyValueSpecification","valueRequired":true,"valueName":"search_term_string"}}],"inLanguage":"pt-BR"},{"@type":"Organization","@id":"https://redes.unb.br/#organization","name":"Engenharia de Redes de Comunicação","url":"https://redes.unb.br/","logo":{"@type":"ImageObject","inLanguage":"pt-BR","@id":"https://redes.unb.br/#/schema/logo/image/","url":"https://redes.unb.br/wp-content/uploads/2021/03/logoERC2021v3-e1618507382294.png","contentUrl":"https://redes.unb.br/wp-content/uploads/2021/03/logoERC2021v3-e1618507382294.png","width":553,"height":240,"caption":"Engenharia de Redes de Comunicação"},"image":{"@id":"https://redes.unb.br/#/schema/logo/image/"}}]}</script>
<!-- / Yoast SEO plugin. -->

Chamada Pública nº CEPESC-003/2020 - Prorrogação - Engenharia de Redes de Comunicação

Prorrogação da Chamada Pública Nº 002/2017. SELEÇÃO DE PESQUISADORES PARA O PROJETO: &#8220;PESQUISA APLICADA AO DESENVOLVIMENTO DE SISTEMAS DE SOFTWARES SEGUROS&#8221;. OBS: Prorrogação do Prazo do Envio dos Currículos até [&hellip;]

Engenharia de Redes de Comunicação

UnB - Engenharia de Redes de Comunicação
