{"id":1589,"date":"2021-01-04T21:49:48","date_gmt":"2021-01-04T20:49:48","guid":{"rendered":"https:\/\/redes.unb.br\/?post_type=tribe_events&#038;p=1589"},"modified":"2023-05-31T20:31:53","modified_gmt":"2023-05-31T19:31:53","slug":"chamada-publica-simplificada-no-agu-01-2021","status":"publish","type":"tribe_events","link":"https:\/\/redes.unb.br\/index.php\/event\/chamada-publica-simplificada-no-agu-01-2021\/","title":{"rendered":"Chamada P\u00fablica Simplificada N\u00ba AGU-02\/2021"},"content":{"rendered":"<p>CHAMADA P\u00daBLICA SIMPLIFICADA N\u00ba AGU-01\/2021<\/p>\n<p>SELE\u00c7\u00c3O DE PESQUISADORES<\/p>\n<p>C\u00d3DIGO: 53.071.023<\/p>\n<p>PROJETO: \u201cPesquisa Aplicada e Inova\u00e7\u00e3o em Processos e Tecnologias do Tratamento da Documenta\u00e7\u00e3o, Informa\u00e7\u00e3o, Intelig\u00eancia e Conhecimento nos Dom\u00ednios da Atividade da Advocacia Geral da Uni\u00e3o \u2013 AGU\u201d<\/p>\n<p><a href=\"https:\/\/redes.unb.br\/wp-content\/uploads\/2022\/06\/CHAMADA-PUBLICA-AGU-No-02-2021.pdf\" rel=\"attachment wp-att-1590\">20200101 &#8211; EDITAL_ Chamada P\u00fablica UnB AGU- 2021<\/a><\/p>\n<p><a href=\"https:\/\/redes.unb.br\/wp-content\/uploads\/2023\/05\/Selecao-candidatos-\u2013-Consolidados-marco-2023-\u2013-Edital-AGU-02-2021.pdf\"><span style=\"font-weight: 400;\">Sele\u00e7\u00e3o candidatos \u2013 Consolidados mar\u00e7o 2023 \u2013 Edital AGU 02-2021<\/span><\/a><\/p>\n<p><a href=\"https:\/\/redes.unb.br\/wp-content\/uploads\/2022\/06\/AGU-1.pdf\">Sele\u00e7\u00e3o candidatos &#8211; Consolidado AGU- Junho 2022 &#8211; ATUAL<\/a><\/p>\n","protected":false},"excerpt":{"rendered":"<p>CHAMADA P\u00daBLICA SIMPLIFICADA N\u00ba AGU-01\/2021 SELE\u00c7\u00c3O DE PESQUISADORES C\u00d3DIGO: 53.071.023 PROJETO: \u201cPesquisa Aplicada e Inova\u00e7\u00e3o em Processos e Tecnologias do Tratamento da Documenta\u00e7\u00e3o, Informa\u00e7\u00e3o, Intelig\u00eancia e Conhecimento nos Dom\u00ednios da [&hellip;]<\/p>\n","protected":false},"author":1,"featured_media":0,"template":"","meta":{"_acf_changed":false,"_tribe_events_status":"","_tribe_events_status_reason":"","footnotes":""},"tags":[],"tribe_events_cat":[24],"class_list":["post-1589","tribe_events","type-tribe_events","status-publish","hentry","tribe_events_cat-champub","cat_champub"],"blocksy_meta":[],"acf":[],"yoast_head":"<!-- This site is optimized with the Yoast SEO plugin v25.9 - https:\/\/yoast.com\/wordpress\/plugins\/seo\/ -->\n<title>Chamada P\u00fablica Simplificada N\u00ba AGU-02\/2021 - Engenharia de Redes de Comunica\u00e7\u00e3o<\/title>\n<meta name=\"robots\" content=\"index, follow, max-snippet:-1, max-image-preview:large, max-video-preview:-1\" \/>\n<link rel=\"canonical\" href=\"https:\/\/redes.unb.br\/index.php\/event\/chamada-publica-simplificada-no-agu-01-2021\/\" \/>\n<meta property=\"og:locale\" content=\"pt_BR\" \/>\n<meta property=\"og:type\" content=\"article\" \/>\n<meta property=\"og:title\" content=\"Chamada P\u00fablica Simplificada N\u00ba AGU-02\/2021 - Engenharia de Redes de Comunica\u00e7\u00e3o\" \/>\n<meta property=\"og:description\" content=\"CHAMADA P\u00daBLICA SIMPLIFICADA N\u00ba AGU-01\/2021 SELE\u00c7\u00c3O DE PESQUISADORES C\u00d3DIGO: 53.071.023 PROJETO: \u201cPesquisa Aplicada e Inova\u00e7\u00e3o em Processos e Tecnologias do Tratamento da Documenta\u00e7\u00e3o, Informa\u00e7\u00e3o, Intelig\u00eancia e Conhecimento nos Dom\u00ednios da [&hellip;]\" \/>\n<meta property=\"og:url\" content=\"https:\/\/redes.unb.br\/index.php\/event\/chamada-publica-simplificada-no-agu-01-2021\/\" \/>\n<meta property=\"og:site_name\" content=\"Engenharia de Redes de Comunica\u00e7\u00e3o\" \/>\n<meta property=\"article:modified_time\" content=\"2023-05-31T19:31:53+00:00\" \/>\n<meta name=\"twitter:card\" content=\"summary_large_image\" \/>\n<script type=\"application\/ld+json\" class=\"yoast-schema-graph\">{\"@context\":\"https:\/\/schema.org\",\"@graph\":[{\"@type\":\"WebPage\",\"@id\":\"https:\/\/redes.unb.br\/index.php\/event\/chamada-publica-simplificada-no-agu-01-2021\/\",\"url\":\"https:\/\/redes.unb.br\/index.php\/event\/chamada-publica-simplificada-no-agu-01-2021\/\",\"name\":\"Chamada P\u00fablica Simplificada N\u00ba AGU-02\/2021 - Engenharia de Redes de Comunica\u00e7\u00e3o\",\"isPartOf\":{\"@id\":\"https:\/\/redes.unb.br\/#website\"},\"datePublished\":\"2021-01-04T20:49:48+00:00\",\"dateModified\":\"2023-05-31T19:31:53+00:00\",\"breadcrumb\":{\"@id\":\"https:\/\/redes.unb.br\/index.php\/event\/chamada-publica-simplificada-no-agu-01-2021\/#breadcrumb\"},\"inLanguage\":\"pt-BR\",\"potentialAction\":[{\"@type\":\"ReadAction\",\"target\":[\"https:\/\/redes.unb.br\/index.php\/event\/chamada-publica-simplificada-no-agu-01-2021\/\"]}]},{\"@type\":\"BreadcrumbList\",\"@id\":\"https:\/\/redes.unb.br\/index.php\/event\/chamada-publica-simplificada-no-agu-01-2021\/#breadcrumb\",\"itemListElement\":[{\"@type\":\"ListItem\",\"position\":1,\"name\":\"Home\",\"item\":\"https:\/\/redes.unb.br\/\"},{\"@type\":\"ListItem\",\"position\":2,\"name\":\"Eventos\",\"item\":\"https:\/\/redes.unb.br\/index.php\/events\/\"},{\"@type\":\"ListItem\",\"position\":3,\"name\":\"Chamada P\u00fablica Simplificada N\u00ba AGU-02\/2021\"}]},{\"@type\":\"WebSite\",\"@id\":\"https:\/\/redes.unb.br\/#website\",\"url\":\"https:\/\/redes.unb.br\/\",\"name\":\"Engenharia de Redes de Comunica\u00e7\u00e3o\",\"description\":\"UnB - Engenharia de Redes de Comunica\u00e7\u00e3o\",\"publisher\":{\"@id\":\"https:\/\/redes.unb.br\/#organization\"},\"potentialAction\":[{\"@type\":\"SearchAction\",\"target\":{\"@type\":\"EntryPoint\",\"urlTemplate\":\"https:\/\/redes.unb.br\/?s={search_term_string}\"},\"query-input\":{\"@type\":\"PropertyValueSpecification\",\"valueRequired\":true,\"valueName\":\"search_term_string\"}}],\"inLanguage\":\"pt-BR\"},{\"@type\":\"Organization\",\"@id\":\"https:\/\/redes.unb.br\/#organization\",\"name\":\"Engenharia de Redes de Comunica\u00e7\u00e3o\",\"url\":\"https:\/\/redes.unb.br\/\",\"logo\":{\"@type\":\"ImageObject\",\"inLanguage\":\"pt-BR\",\"@id\":\"https:\/\/redes.unb.br\/#\/schema\/logo\/image\/\",\"url\":\"https:\/\/redes.unb.br\/wp-content\/uploads\/2021\/03\/logoERC2021v3-e1618507382294.png\",\"contentUrl\":\"https:\/\/redes.unb.br\/wp-content\/uploads\/2021\/03\/logoERC2021v3-e1618507382294.png\",\"width\":553,\"height\":240,\"caption\":\"Engenharia de Redes de Comunica\u00e7\u00e3o\"},\"image\":{\"@id\":\"https:\/\/redes.unb.br\/#\/schema\/logo\/image\/\"}}]}<\/script>\n<!-- \/ Yoast SEO plugin. -->","yoast_head_json":{"title":"Chamada P\u00fablica Simplificada N\u00ba AGU-02\/2021 - Engenharia de Redes de Comunica\u00e7\u00e3o","robots":{"index":"index","follow":"follow","max-snippet":"max-snippet:-1","max-image-preview":"max-image-preview:large","max-video-preview":"max-video-preview:-1"},"canonical":"https:\/\/redes.unb.br\/index.php\/event\/chamada-publica-simplificada-no-agu-01-2021\/","og_locale":"pt_BR","og_type":"article","og_title":"Chamada P\u00fablica Simplificada N\u00ba AGU-02\/2021 - Engenharia de Redes de Comunica\u00e7\u00e3o","og_description":"CHAMADA P\u00daBLICA SIMPLIFICADA N\u00ba AGU-01\/2021 SELE\u00c7\u00c3O DE PESQUISADORES C\u00d3DIGO: 53.071.023 PROJETO: \u201cPesquisa Aplicada e Inova\u00e7\u00e3o em Processos e Tecnologias do Tratamento da Documenta\u00e7\u00e3o, Informa\u00e7\u00e3o, Intelig\u00eancia e Conhecimento nos Dom\u00ednios da [&hellip;]","og_url":"https:\/\/redes.unb.br\/index.php\/event\/chamada-publica-simplificada-no-agu-01-2021\/","og_site_name":"Engenharia de Redes de Comunica\u00e7\u00e3o","article_modified_time":"2023-05-31T19:31:53+00:00","twitter_card":"summary_large_image","schema":{"@context":"https:\/\/schema.org","@graph":[{"@type":"WebPage","@id":"https:\/\/redes.unb.br\/index.php\/event\/chamada-publica-simplificada-no-agu-01-2021\/","url":"https:\/\/redes.unb.br\/index.php\/event\/chamada-publica-simplificada-no-agu-01-2021\/","name":"Chamada P\u00fablica Simplificada N\u00ba AGU-02\/2021 - Engenharia de Redes de Comunica\u00e7\u00e3o","isPartOf":{"@id":"https:\/\/redes.unb.br\/#website"},"datePublished":"2021-01-04T20:49:48+00:00","dateModified":"2023-05-31T19:31:53+00:00","breadcrumb":{"@id":"https:\/\/redes.unb.br\/index.php\/event\/chamada-publica-simplificada-no-agu-01-2021\/#breadcrumb"},"inLanguage":"pt-BR","potentialAction":[{"@type":"ReadAction","target":["https:\/\/redes.unb.br\/index.php\/event\/chamada-publica-simplificada-no-agu-01-2021\/"]}]},{"@type":"BreadcrumbList","@id":"https:\/\/redes.unb.br\/index.php\/event\/chamada-publica-simplificada-no-agu-01-2021\/#breadcrumb","itemListElement":[{"@type":"ListItem","position":1,"name":"Home","item":"https:\/\/redes.unb.br\/"},{"@type":"ListItem","position":2,"name":"Eventos","item":"https:\/\/redes.unb.br\/index.php\/events\/"},{"@type":"ListItem","position":3,"name":"Chamada P\u00fablica Simplificada N\u00ba AGU-02\/2021"}]},{"@type":"WebSite","@id":"https:\/\/redes.unb.br\/#website","url":"https:\/\/redes.unb.br\/","name":"Engenharia de Redes de Comunica\u00e7\u00e3o","description":"UnB - Engenharia de Redes de Comunica\u00e7\u00e3o","publisher":{"@id":"https:\/\/redes.unb.br\/#organization"},"potentialAction":[{"@type":"SearchAction","target":{"@type":"EntryPoint","urlTemplate":"https:\/\/redes.unb.br\/?s={search_term_string}"},"query-input":{"@type":"PropertyValueSpecification","valueRequired":true,"valueName":"search_term_string"}}],"inLanguage":"pt-BR"},{"@type":"Organization","@id":"https:\/\/redes.unb.br\/#organization","name":"Engenharia de Redes de Comunica\u00e7\u00e3o","url":"https:\/\/redes.unb.br\/","logo":{"@type":"ImageObject","inLanguage":"pt-BR","@id":"https:\/\/redes.unb.br\/#\/schema\/logo\/image\/","url":"https:\/\/redes.unb.br\/wp-content\/uploads\/2021\/03\/logoERC2021v3-e1618507382294.png","contentUrl":"https:\/\/redes.unb.br\/wp-content\/uploads\/2021\/03\/logoERC2021v3-e1618507382294.png","width":553,"height":240,"caption":"Engenharia de Redes de Comunica\u00e7\u00e3o"},"image":{"@id":"https:\/\/redes.unb.br\/#\/schema\/logo\/image\/"}}]}},"_links":{"self":[{"href":"https:\/\/redes.unb.br\/index.php\/wp-json\/wp\/v2\/tribe_events\/1589","targetHints":{"allow":["GET"]}}],"collection":[{"href":"https:\/\/redes.unb.br\/index.php\/wp-json\/wp\/v2\/tribe_events"}],"about":[{"href":"https:\/\/redes.unb.br\/index.php\/wp-json\/wp\/v2\/types\/tribe_events"}],"author":[{"embeddable":true,"href":"https:\/\/redes.unb.br\/index.php\/wp-json\/wp\/v2\/users\/1"}],"version-history":[{"count":5,"href":"https:\/\/redes.unb.br\/index.php\/wp-json\/wp\/v2\/tribe_events\/1589\/revisions"}],"predecessor-version":[{"id":2263,"href":"https:\/\/redes.unb.br\/index.php\/wp-json\/wp\/v2\/tribe_events\/1589\/revisions\/2263"}],"wp:attachment":[{"href":"https:\/\/redes.unb.br\/index.php\/wp-json\/wp\/v2\/media?parent=1589"}],"wp:term":[{"taxonomy":"post_tag","embeddable":true,"href":"https:\/\/redes.unb.br\/index.php\/wp-json\/wp\/v2\/tags?post=1589"},{"taxonomy":"tribe_events_cat","embeddable":true,"href":"https:\/\/redes.unb.br\/index.php\/wp-json\/wp\/v2\/tribe_events_cat?post=1589"}],"curies":[{"name":"wp","href":"https:\/\/api.w.org\/{rel}","templated":true}]}}

Chamada Pública Simplificada Nº AGU-02/2021

<p>CHAMADA PÚBLICA SIMPLIFICADA Nº AGU-01/2021</p>
<p>SELEÇÃO DE PESQUISADORES</p>
<p>CÓDIGO: 53.071.023</p>
<p>PROJETO: “Pesquisa Aplicada e Inovação em Processos e Tecnologias do Tratamento da Documentação, Informação, Inteligência e Conhecimento nos Domínios da Atividade da Advocacia Geral da União – AGU”</p>
<p><a href="https://redes.unb.br/wp-content/uploads/2022/06/CHAMADA-PUBLICA-AGU-No-02-2021.pdf" rel="attachment wp-att-1590">20200101 &#8211; EDITAL_ Chamada Pública UnB AGU- 2021</a></p>
<p><a href="https://redes.unb.br/wp-content/uploads/2023/05/Selecao-candidatos-–-Consolidados-marco-2023-–-Edital-AGU-02-2021.pdf"><span style="font-weight: 400;">Seleção candidatos – Consolidados março 2023 – Edital AGU 02-2021</span></a></p>
<p><a href="https://redes.unb.br/wp-content/uploads/2022/06/AGU-1.pdf">Seleção candidatos &#8211; Consolidado AGU- Junho 2022 &#8211; ATUAL</a></p>

<p>CHAMADA PÚBLICA SIMPLIFICADA Nº AGU-01/2021 SELEÇÃO DE PESQUISADORES CÓDIGO: 53.071.023 PROJETO: “Pesquisa Aplicada e Inovação em Processos e Tecnologias do Tratamento da Documentação, Informação, Inteligência e Conhecimento nos Domínios da [&hellip;]</p>

<!-- This site is optimized with the Yoast SEO plugin v25.9 - https://yoast.com/wordpress/plugins/seo/ -->
<title>Chamada Pública Simplificada Nº AGU-02/2021 - Engenharia de Redes de Comunicação</title>
<meta name="robots" content="index, follow, max-snippet:-1, max-image-preview:large, max-video-preview:-1" />
<link rel="canonical" href="https://redes.unb.br/index.php/event/chamada-publica-simplificada-no-agu-01-2021/" />
<meta property="og:locale" content="pt_BR" />
<meta property="og:type" content="article" />
<meta property="og:title" content="Chamada Pública Simplificada Nº AGU-02/2021 - Engenharia de Redes de Comunicação" />
<meta property="og:description" content="CHAMADA PÚBLICA SIMPLIFICADA Nº AGU-01/2021 SELEÇÃO DE PESQUISADORES CÓDIGO: 53.071.023 PROJETO: “Pesquisa Aplicada e Inovação em Processos e Tecnologias do Tratamento da Documentação, Informação, Inteligência e Conhecimento nos Domínios da [&hellip;]" />
<meta property="og:url" content="https://redes.unb.br/index.php/event/chamada-publica-simplificada-no-agu-01-2021/" />
<meta property="og:site_name" content="Engenharia de Redes de Comunicação" />
<meta property="article:modified_time" content="2023-05-31T19:31:53+00:00" />
<meta name="twitter:card" content="summary_large_image" />
<script type="application/ld+json" class="yoast-schema-graph">{"@context":"https://schema.org","@graph":[{"@type":"WebPage","@id":"https://redes.unb.br/index.php/event/chamada-publica-simplificada-no-agu-01-2021/","url":"https://redes.unb.br/index.php/event/chamada-publica-simplificada-no-agu-01-2021/","name":"Chamada Pública Simplificada Nº AGU-02/2021 - Engenharia de Redes de Comunicação","isPartOf":{"@id":"https://redes.unb.br/#website"},"datePublished":"2021-01-04T20:49:48+00:00","dateModified":"2023-05-31T19:31:53+00:00","breadcrumb":{"@id":"https://redes.unb.br/index.php/event/chamada-publica-simplificada-no-agu-01-2021/#breadcrumb"},"inLanguage":"pt-BR","potentialAction":[{"@type":"ReadAction","target":["https://redes.unb.br/index.php/event/chamada-publica-simplificada-no-agu-01-2021/"]}]},{"@type":"BreadcrumbList","@id":"https://redes.unb.br/index.php/event/chamada-publica-simplificada-no-agu-01-2021/#breadcrumb","itemListElement":[{"@type":"ListItem","position":1,"name":"Home","item":"https://redes.unb.br/"},{"@type":"ListItem","position":2,"name":"Eventos","item":"https://redes.unb.br/index.php/events/"},{"@type":"ListItem","position":3,"name":"Chamada Pública Simplificada Nº AGU-02/2021"}]},{"@type":"WebSite","@id":"https://redes.unb.br/#website","url":"https://redes.unb.br/","name":"Engenharia de Redes de Comunicação","description":"UnB - Engenharia de Redes de Comunicação","publisher":{"@id":"https://redes.unb.br/#organization"},"potentialAction":[{"@type":"SearchAction","target":{"@type":"EntryPoint","urlTemplate":"https://redes.unb.br/?s={search_term_string}"},"query-input":{"@type":"PropertyValueSpecification","valueRequired":true,"valueName":"search_term_string"}}],"inLanguage":"pt-BR"},{"@type":"Organization","@id":"https://redes.unb.br/#organization","name":"Engenharia de Redes de Comunicação","url":"https://redes.unb.br/","logo":{"@type":"ImageObject","inLanguage":"pt-BR","@id":"https://redes.unb.br/#/schema/logo/image/","url":"https://redes.unb.br/wp-content/uploads/2021/03/logoERC2021v3-e1618507382294.png","contentUrl":"https://redes.unb.br/wp-content/uploads/2021/03/logoERC2021v3-e1618507382294.png","width":553,"height":240,"caption":"Engenharia de Redes de Comunicação"},"image":{"@id":"https://redes.unb.br/#/schema/logo/image/"}}]}</script>
<!-- / Yoast SEO plugin. -->

Chamada Pública Simplificada Nº AGU-02/2021 - Engenharia de Redes de Comunicação

CHAMADA PÚBLICA SIMPLIFICADA Nº AGU-01/2021 SELEÇÃO DE PESQUISADORES CÓDIGO: 53.071.023 PROJETO: “Pesquisa Aplicada e Inovação em Processos e Tecnologias do Tratamento da Documentação, Informação, Inteligência e Conhecimento nos Domínios da [&hellip;]

Engenharia de Redes de Comunicação

UnB - Engenharia de Redes de Comunicação
