{"id":1616,"date":"2019-01-01T10:00:38","date_gmt":"2019-01-01T09:00:38","guid":{"rendered":"https:\/\/redes.unb.br\/?post_type=tribe_events&#038;p=1616"},"modified":"2021-03-10T15:56:29","modified_gmt":"2021-03-10T14:56:29","slug":"chamada-publica-no-mc-001-2019","status":"publish","type":"tribe_events","link":"https:\/\/redes.unb.br\/index.php\/event\/chamada-publica-no-mc-001-2019\/","title":{"rendered":"Chamada P\u00fablica N\u00ba MC-001\/2019"},"content":{"rendered":"<p align=\"justify\">Chamada P\u00fablica N\u00ba MC-001\/2019. SELE\u00c7\u00c3O DE PESQUISADORES PARA O PROJETO: &#8220;PESQUISA APLICADA \u00c0 INTEGRA\u00c7\u00c3O DE INOVA\u00c7\u00d5ES TECNOL\u00d3GICAS \u00c0 ARQUITETURA DE SISTEMAS DE INFORMA\u00c7\u00c3O DA SECRETARIA NACIONAL DE ASSIST\u00caNCIA SOCIAL (SNAS) DO MINIST\u00c9RIO DA CIDADANIA \u2013 MC&#8221;<\/p>\n<ol>\n<li><a href=\"https:\/\/redes.unb.br\/wp-content\/uploads\/2019\/01\/EDITAL_Chamada-Publica-UNB-MC-TED01_2019.pdf\">EDITAL_Chamada Publica UNB-MC-TED01_2019<\/a><\/li>\n<\/ol>\n","protected":false},"excerpt":{"rendered":"<p>Chamada P\u00fablica N\u00ba MC-001\/2019. SELE\u00c7\u00c3O DE PESQUISADORES PARA O PROJETO: &#8220;PESQUISA APLICADA \u00c0 INTEGRA\u00c7\u00c3O DE INOVA\u00c7\u00d5ES TECNOL\u00d3GICAS \u00c0 ARQUITETURA DE SISTEMAS DE INFORMA\u00c7\u00c3O DA SECRETARIA NACIONAL DE ASSIST\u00caNCIA SOCIAL (SNAS) [&hellip;]<\/p>\n","protected":false},"author":1,"featured_media":0,"template":"","meta":{"_acf_changed":false,"_tribe_events_status":"","_tribe_events_status_reason":"","footnotes":""},"tags":[],"tribe_events_cat":[24],"class_list":["post-1616","tribe_events","type-tribe_events","status-publish","hentry","tribe_events_cat-champub","cat_champub"],"blocksy_meta":[],"acf":[],"yoast_head":"<!-- This site is optimized with the Yoast SEO plugin v25.9 - https:\/\/yoast.com\/wordpress\/plugins\/seo\/ -->\n<title>Chamada P\u00fablica N\u00ba MC-001\/2019 - Engenharia de Redes de Comunica\u00e7\u00e3o<\/title>\n<meta name=\"robots\" content=\"index, follow, max-snippet:-1, max-image-preview:large, max-video-preview:-1\" \/>\n<link rel=\"canonical\" href=\"https:\/\/redes.unb.br\/index.php\/event\/chamada-publica-no-mc-001-2019\/\" \/>\n<meta property=\"og:locale\" content=\"pt_BR\" \/>\n<meta property=\"og:type\" content=\"article\" \/>\n<meta property=\"og:title\" content=\"Chamada P\u00fablica N\u00ba MC-001\/2019 - Engenharia de Redes de Comunica\u00e7\u00e3o\" \/>\n<meta property=\"og:description\" content=\"Chamada P\u00fablica N\u00ba MC-001\/2019. SELE\u00c7\u00c3O DE PESQUISADORES PARA O PROJETO: &#8220;PESQUISA APLICADA \u00c0 INTEGRA\u00c7\u00c3O DE INOVA\u00c7\u00d5ES TECNOL\u00d3GICAS \u00c0 ARQUITETURA DE SISTEMAS DE INFORMA\u00c7\u00c3O DA SECRETARIA NACIONAL DE ASSIST\u00caNCIA SOCIAL (SNAS) [&hellip;]\" \/>\n<meta property=\"og:url\" content=\"https:\/\/redes.unb.br\/index.php\/event\/chamada-publica-no-mc-001-2019\/\" \/>\n<meta property=\"og:site_name\" content=\"Engenharia de Redes de Comunica\u00e7\u00e3o\" \/>\n<meta property=\"article:modified_time\" content=\"2021-03-10T14:56:29+00:00\" \/>\n<meta name=\"twitter:card\" content=\"summary_large_image\" \/>\n<script type=\"application\/ld+json\" class=\"yoast-schema-graph\">{\"@context\":\"https:\/\/schema.org\",\"@graph\":[{\"@type\":\"WebPage\",\"@id\":\"https:\/\/redes.unb.br\/index.php\/event\/chamada-publica-no-mc-001-2019\/\",\"url\":\"https:\/\/redes.unb.br\/index.php\/event\/chamada-publica-no-mc-001-2019\/\",\"name\":\"Chamada P\u00fablica N\u00ba MC-001\/2019 - Engenharia de Redes de Comunica\u00e7\u00e3o\",\"isPartOf\":{\"@id\":\"https:\/\/redes.unb.br\/#website\"},\"datePublished\":\"2019-01-01T09:00:38+00:00\",\"dateModified\":\"2021-03-10T14:56:29+00:00\",\"breadcrumb\":{\"@id\":\"https:\/\/redes.unb.br\/index.php\/event\/chamada-publica-no-mc-001-2019\/#breadcrumb\"},\"inLanguage\":\"pt-BR\",\"potentialAction\":[{\"@type\":\"ReadAction\",\"target\":[\"https:\/\/redes.unb.br\/index.php\/event\/chamada-publica-no-mc-001-2019\/\"]}]},{\"@type\":\"BreadcrumbList\",\"@id\":\"https:\/\/redes.unb.br\/index.php\/event\/chamada-publica-no-mc-001-2019\/#breadcrumb\",\"itemListElement\":[{\"@type\":\"ListItem\",\"position\":1,\"name\":\"Home\",\"item\":\"https:\/\/redes.unb.br\/\"},{\"@type\":\"ListItem\",\"position\":2,\"name\":\"Eventos\",\"item\":\"https:\/\/redes.unb.br\/index.php\/events\/\"},{\"@type\":\"ListItem\",\"position\":3,\"name\":\"Chamada P\u00fablica N\u00ba MC-001\/2019\"}]},{\"@type\":\"WebSite\",\"@id\":\"https:\/\/redes.unb.br\/#website\",\"url\":\"https:\/\/redes.unb.br\/\",\"name\":\"Engenharia de Redes de Comunica\u00e7\u00e3o\",\"description\":\"UnB - Engenharia de Redes de Comunica\u00e7\u00e3o\",\"publisher\":{\"@id\":\"https:\/\/redes.unb.br\/#organization\"},\"potentialAction\":[{\"@type\":\"SearchAction\",\"target\":{\"@type\":\"EntryPoint\",\"urlTemplate\":\"https:\/\/redes.unb.br\/?s={search_term_string}\"},\"query-input\":{\"@type\":\"PropertyValueSpecification\",\"valueRequired\":true,\"valueName\":\"search_term_string\"}}],\"inLanguage\":\"pt-BR\"},{\"@type\":\"Organization\",\"@id\":\"https:\/\/redes.unb.br\/#organization\",\"name\":\"Engenharia de Redes de Comunica\u00e7\u00e3o\",\"url\":\"https:\/\/redes.unb.br\/\",\"logo\":{\"@type\":\"ImageObject\",\"inLanguage\":\"pt-BR\",\"@id\":\"https:\/\/redes.unb.br\/#\/schema\/logo\/image\/\",\"url\":\"https:\/\/redes.unb.br\/wp-content\/uploads\/2021\/03\/logoERC2021v3-e1618507382294.png\",\"contentUrl\":\"https:\/\/redes.unb.br\/wp-content\/uploads\/2021\/03\/logoERC2021v3-e1618507382294.png\",\"width\":553,\"height\":240,\"caption\":\"Engenharia de Redes de Comunica\u00e7\u00e3o\"},\"image\":{\"@id\":\"https:\/\/redes.unb.br\/#\/schema\/logo\/image\/\"}}]}<\/script>\n<!-- \/ Yoast SEO plugin. -->","yoast_head_json":{"title":"Chamada P\u00fablica N\u00ba MC-001\/2019 - Engenharia de Redes de Comunica\u00e7\u00e3o","robots":{"index":"index","follow":"follow","max-snippet":"max-snippet:-1","max-image-preview":"max-image-preview:large","max-video-preview":"max-video-preview:-1"},"canonical":"https:\/\/redes.unb.br\/index.php\/event\/chamada-publica-no-mc-001-2019\/","og_locale":"pt_BR","og_type":"article","og_title":"Chamada P\u00fablica N\u00ba MC-001\/2019 - Engenharia de Redes de Comunica\u00e7\u00e3o","og_description":"Chamada P\u00fablica N\u00ba MC-001\/2019. SELE\u00c7\u00c3O DE PESQUISADORES PARA O PROJETO: &#8220;PESQUISA APLICADA \u00c0 INTEGRA\u00c7\u00c3O DE INOVA\u00c7\u00d5ES TECNOL\u00d3GICAS \u00c0 ARQUITETURA DE SISTEMAS DE INFORMA\u00c7\u00c3O DA SECRETARIA NACIONAL DE ASSIST\u00caNCIA SOCIAL (SNAS) [&hellip;]","og_url":"https:\/\/redes.unb.br\/index.php\/event\/chamada-publica-no-mc-001-2019\/","og_site_name":"Engenharia de Redes de Comunica\u00e7\u00e3o","article_modified_time":"2021-03-10T14:56:29+00:00","twitter_card":"summary_large_image","schema":{"@context":"https:\/\/schema.org","@graph":[{"@type":"WebPage","@id":"https:\/\/redes.unb.br\/index.php\/event\/chamada-publica-no-mc-001-2019\/","url":"https:\/\/redes.unb.br\/index.php\/event\/chamada-publica-no-mc-001-2019\/","name":"Chamada P\u00fablica N\u00ba MC-001\/2019 - Engenharia de Redes de Comunica\u00e7\u00e3o","isPartOf":{"@id":"https:\/\/redes.unb.br\/#website"},"datePublished":"2019-01-01T09:00:38+00:00","dateModified":"2021-03-10T14:56:29+00:00","breadcrumb":{"@id":"https:\/\/redes.unb.br\/index.php\/event\/chamada-publica-no-mc-001-2019\/#breadcrumb"},"inLanguage":"pt-BR","potentialAction":[{"@type":"ReadAction","target":["https:\/\/redes.unb.br\/index.php\/event\/chamada-publica-no-mc-001-2019\/"]}]},{"@type":"BreadcrumbList","@id":"https:\/\/redes.unb.br\/index.php\/event\/chamada-publica-no-mc-001-2019\/#breadcrumb","itemListElement":[{"@type":"ListItem","position":1,"name":"Home","item":"https:\/\/redes.unb.br\/"},{"@type":"ListItem","position":2,"name":"Eventos","item":"https:\/\/redes.unb.br\/index.php\/events\/"},{"@type":"ListItem","position":3,"name":"Chamada P\u00fablica N\u00ba MC-001\/2019"}]},{"@type":"WebSite","@id":"https:\/\/redes.unb.br\/#website","url":"https:\/\/redes.unb.br\/","name":"Engenharia de Redes de Comunica\u00e7\u00e3o","description":"UnB - Engenharia de Redes de Comunica\u00e7\u00e3o","publisher":{"@id":"https:\/\/redes.unb.br\/#organization"},"potentialAction":[{"@type":"SearchAction","target":{"@type":"EntryPoint","urlTemplate":"https:\/\/redes.unb.br\/?s={search_term_string}"},"query-input":{"@type":"PropertyValueSpecification","valueRequired":true,"valueName":"search_term_string"}}],"inLanguage":"pt-BR"},{"@type":"Organization","@id":"https:\/\/redes.unb.br\/#organization","name":"Engenharia de Redes de Comunica\u00e7\u00e3o","url":"https:\/\/redes.unb.br\/","logo":{"@type":"ImageObject","inLanguage":"pt-BR","@id":"https:\/\/redes.unb.br\/#\/schema\/logo\/image\/","url":"https:\/\/redes.unb.br\/wp-content\/uploads\/2021\/03\/logoERC2021v3-e1618507382294.png","contentUrl":"https:\/\/redes.unb.br\/wp-content\/uploads\/2021\/03\/logoERC2021v3-e1618507382294.png","width":553,"height":240,"caption":"Engenharia de Redes de Comunica\u00e7\u00e3o"},"image":{"@id":"https:\/\/redes.unb.br\/#\/schema\/logo\/image\/"}}]}},"_links":{"self":[{"href":"https:\/\/redes.unb.br\/index.php\/wp-json\/wp\/v2\/tribe_events\/1616","targetHints":{"allow":["GET"]}}],"collection":[{"href":"https:\/\/redes.unb.br\/index.php\/wp-json\/wp\/v2\/tribe_events"}],"about":[{"href":"https:\/\/redes.unb.br\/index.php\/wp-json\/wp\/v2\/types\/tribe_events"}],"author":[{"embeddable":true,"href":"https:\/\/redes.unb.br\/index.php\/wp-json\/wp\/v2\/users\/1"}],"version-history":[{"count":3,"href":"https:\/\/redes.unb.br\/index.php\/wp-json\/wp\/v2\/tribe_events\/1616\/revisions"}],"predecessor-version":[{"id":1621,"href":"https:\/\/redes.unb.br\/index.php\/wp-json\/wp\/v2\/tribe_events\/1616\/revisions\/1621"}],"wp:attachment":[{"href":"https:\/\/redes.unb.br\/index.php\/wp-json\/wp\/v2\/media?parent=1616"}],"wp:term":[{"taxonomy":"post_tag","embeddable":true,"href":"https:\/\/redes.unb.br\/index.php\/wp-json\/wp\/v2\/tags?post=1616"},{"taxonomy":"tribe_events_cat","embeddable":true,"href":"https:\/\/redes.unb.br\/index.php\/wp-json\/wp\/v2\/tribe_events_cat?post=1616"}],"curies":[{"name":"wp","href":"https:\/\/api.w.org\/{rel}","templated":true}]}}

Chamada Pública Nº MC-001/2019

<p align="justify">Chamada Pública Nº MC-001/2019. SELEÇÃO DE PESQUISADORES PARA O PROJETO: &#8220;PESQUISA APLICADA À INTEGRAÇÃO DE INOVAÇÕES TECNOLÓGICAS À ARQUITETURA DE SISTEMAS DE INFORMAÇÃO DA SECRETARIA NACIONAL DE ASSISTÊNCIA SOCIAL (SNAS) DO MINISTÉRIO DA CIDADANIA – MC&#8221;</p>
<ol>
<li><a href="https://redes.unb.br/wp-content/uploads/2019/01/EDITAL_Chamada-Publica-UNB-MC-TED01_2019.pdf">EDITAL_Chamada Publica UNB-MC-TED01_2019</a></li>
</ol>

<p>Chamada Pública Nº MC-001/2019. SELEÇÃO DE PESQUISADORES PARA O PROJETO: &#8220;PESQUISA APLICADA À INTEGRAÇÃO DE INOVAÇÕES TECNOLÓGICAS À ARQUITETURA DE SISTEMAS DE INFORMAÇÃO DA SECRETARIA NACIONAL DE ASSISTÊNCIA SOCIAL (SNAS) [&hellip;]</p>

<!-- This site is optimized with the Yoast SEO plugin v25.9 - https://yoast.com/wordpress/plugins/seo/ -->
<title>Chamada Pública Nº MC-001/2019 - Engenharia de Redes de Comunicação</title>
<meta name="robots" content="index, follow, max-snippet:-1, max-image-preview:large, max-video-preview:-1" />
<link rel="canonical" href="https://redes.unb.br/index.php/event/chamada-publica-no-mc-001-2019/" />
<meta property="og:locale" content="pt_BR" />
<meta property="og:type" content="article" />
<meta property="og:title" content="Chamada Pública Nº MC-001/2019 - Engenharia de Redes de Comunicação" />
<meta property="og:description" content="Chamada Pública Nº MC-001/2019. SELEÇÃO DE PESQUISADORES PARA O PROJETO: &#8220;PESQUISA APLICADA À INTEGRAÇÃO DE INOVAÇÕES TECNOLÓGICAS À ARQUITETURA DE SISTEMAS DE INFORMAÇÃO DA SECRETARIA NACIONAL DE ASSISTÊNCIA SOCIAL (SNAS) [&hellip;]" />
<meta property="og:url" content="https://redes.unb.br/index.php/event/chamada-publica-no-mc-001-2019/" />
<meta property="og:site_name" content="Engenharia de Redes de Comunicação" />
<meta property="article:modified_time" content="2021-03-10T14:56:29+00:00" />
<meta name="twitter:card" content="summary_large_image" />
<script type="application/ld+json" class="yoast-schema-graph">{"@context":"https://schema.org","@graph":[{"@type":"WebPage","@id":"https://redes.unb.br/index.php/event/chamada-publica-no-mc-001-2019/","url":"https://redes.unb.br/index.php/event/chamada-publica-no-mc-001-2019/","name":"Chamada Pública Nº MC-001/2019 - Engenharia de Redes de Comunicação","isPartOf":{"@id":"https://redes.unb.br/#website"},"datePublished":"2019-01-01T09:00:38+00:00","dateModified":"2021-03-10T14:56:29+00:00","breadcrumb":{"@id":"https://redes.unb.br/index.php/event/chamada-publica-no-mc-001-2019/#breadcrumb"},"inLanguage":"pt-BR","potentialAction":[{"@type":"ReadAction","target":["https://redes.unb.br/index.php/event/chamada-publica-no-mc-001-2019/"]}]},{"@type":"BreadcrumbList","@id":"https://redes.unb.br/index.php/event/chamada-publica-no-mc-001-2019/#breadcrumb","itemListElement":[{"@type":"ListItem","position":1,"name":"Home","item":"https://redes.unb.br/"},{"@type":"ListItem","position":2,"name":"Eventos","item":"https://redes.unb.br/index.php/events/"},{"@type":"ListItem","position":3,"name":"Chamada Pública Nº MC-001/2019"}]},{"@type":"WebSite","@id":"https://redes.unb.br/#website","url":"https://redes.unb.br/","name":"Engenharia de Redes de Comunicação","description":"UnB - Engenharia de Redes de Comunicação","publisher":{"@id":"https://redes.unb.br/#organization"},"potentialAction":[{"@type":"SearchAction","target":{"@type":"EntryPoint","urlTemplate":"https://redes.unb.br/?s={search_term_string}"},"query-input":{"@type":"PropertyValueSpecification","valueRequired":true,"valueName":"search_term_string"}}],"inLanguage":"pt-BR"},{"@type":"Organization","@id":"https://redes.unb.br/#organization","name":"Engenharia de Redes de Comunicação","url":"https://redes.unb.br/","logo":{"@type":"ImageObject","inLanguage":"pt-BR","@id":"https://redes.unb.br/#/schema/logo/image/","url":"https://redes.unb.br/wp-content/uploads/2021/03/logoERC2021v3-e1618507382294.png","contentUrl":"https://redes.unb.br/wp-content/uploads/2021/03/logoERC2021v3-e1618507382294.png","width":553,"height":240,"caption":"Engenharia de Redes de Comunicação"},"image":{"@id":"https://redes.unb.br/#/schema/logo/image/"}}]}</script>
<!-- / Yoast SEO plugin. -->

Chamada Pública Nº MC-001/2019 - Engenharia de Redes de Comunicação

Chamada Pública Nº MC-001/2019. SELEÇÃO DE PESQUISADORES PARA O PROJETO: &#8220;PESQUISA APLICADA À INTEGRAÇÃO DE INOVAÇÕES TECNOLÓGICAS À ARQUITETURA DE SISTEMAS DE INFORMAÇÃO DA SECRETARIA NACIONAL DE ASSISTÊNCIA SOCIAL (SNAS) [&hellip;]

Engenharia de Redes de Comunicação

UnB - Engenharia de Redes de Comunicação
